{"id":1270,"date":"2022-11-05T08:57:05","date_gmt":"2022-11-05T08:57:05","guid":{"rendered":"https:\/\/www.laas.lv\/agrilink\/?page_id=1270"},"modified":"2024-05-23T08:03:01","modified_gmt":"2024-05-23T08:03:01","slug":"jaunakie-komentari","status":"publish","type":"page","link":"https:\/\/www.laas.lv\/agrilink\/jaunakie-komentari\/","title":{"rendered":"Jaun\u0101kie koment\u0101ri"},"content":{"rendered":"\n<div class=\"wp-block-columns is-layout-flex wp-container-core-columns-is-layout-9d6595d7 wp-block-columns-is-layout-flex\">\n<div class=\"wp-block-column is-layout-flow wp-block-column-is-layout-flow\" style=\"flex-basis:100%\"><ol class=\"has-avatars has-dates has-excerpts aligncenter wp-block-latest-comments\"><li class=\"wp-block-latest-comments__comment\"><img alt='' src='https:\/\/secure.gravatar.com\/avatar\/?s=48&#038;d=mm&#038;r=g' srcset='https:\/\/secure.gravatar.com\/avatar\/?s=96&#038;d=mm&#038;r=g 2x' class='avatar avatar-48 photo avatar-default wp-block-latest-comments__comment-avatar' height='48' width='48' \/><article><footer class=\"wp-block-latest-comments__comment-meta\"><span class=\"wp-block-latest-comments__comment-author\">Edgars Rubauskis<\/span> par <a class=\"wp-block-latest-comments__comment-link\" href=\"https:\/\/www.laas.lv\/agrilink\/2022\/11\/05\/lauksaimnieciba-ir-sarezgita-nozare-ar-lielo-bet\/#comment-9\">Lauksaimniec\u012bba ir sare\u017e\u0123\u012bta nozare ar lielo BET<\/a><time datetime=\"2022-11-07T07:58:57+00:00\" class=\"wp-block-latest-comments__comment-date\">7 novembris, 2022<\/time><\/footer><div class=\"wp-block-latest-comments__comment-excerpt\"><p>LR 4 raid\u012bjuma ierakstu par to pa\u0161u t\u0113mu klausieties: https:\/\/lr4.lsm.lv\/lv\/raksts\/otkritiy-razgovor\/bit-ili-ne-bit-latviyskomu-selskomu-hozjaystvu-v-uslovijah-ego-n.a168017\/ Raid\u012bjuma diskusij\u0101, manupr\u0101t, tas svar\u012bg\u0101kais tika pateikts pa\u0161\u0101s beig\u0101s.<\/p>\n<\/div><\/article><\/li><li class=\"wp-block-latest-comments__comment\"><img alt='' src='https:\/\/secure.gravatar.com\/avatar\/?s=48&#038;d=mm&#038;r=g' srcset='https:\/\/secure.gravatar.com\/avatar\/?s=96&#038;d=mm&#038;r=g 2x' class='avatar avatar-48 photo avatar-default wp-block-latest-comments__comment-avatar' height='48' width='48' \/><article><footer class=\"wp-block-latest-comments__comment-meta\"><span class=\"wp-block-latest-comments__comment-author\">M\u0101r\u012bte Gail\u012bte biedr\u012bbas &#8220;Latvijas d\u0101rznieks&#8221; eksperte<\/span> par <a class=\"wp-block-latest-comments__comment-link\" href=\"https:\/\/www.laas.lv\/agrilink\/2022\/10\/31\/eiropas-komisijas-regulas-543-2011-auglu-un-darzenu-tirdzniecibas-standarti-grozijuma-projekts\/#comment-8\">Eiropas Komisijas Regulas 543\/2011 (aug\u013cu un d\u0101rze\u0146u tirdzniec\u012bbas standarti) groz\u012bjuma projekts<\/a><time datetime=\"2022-11-05T15:33:03+00:00\" class=\"wp-block-latest-comments__comment-date\">5 novembris, 2022<\/time><\/footer><div class=\"wp-block-latest-comments__comment-excerpt\"><p>Manupr\u0101t uz grieztiem produktiem nevajadz\u0113tu attiec\u012bn\u0101t visp\u0101r\u012bgo standartu pras\u012bbas, jo tas rad\u012bs lieku administr\u0101t\u012bvo slogu ra\u017eot\u0101jiem un inspektoriem. Vai k\u0101ds&hellip;<\/p>\n<\/div><\/article><\/li><li class=\"wp-block-latest-comments__comment\"><img alt='' src='https:\/\/secure.gravatar.com\/avatar\/?s=48&#038;d=mm&#038;r=g' srcset='https:\/\/secure.gravatar.com\/avatar\/?s=96&#038;d=mm&#038;r=g 2x' class='avatar avatar-48 photo avatar-default wp-block-latest-comments__comment-avatar' height='48' width='48' \/><article><footer class=\"wp-block-latest-comments__comment-meta\"><span class=\"wp-block-latest-comments__comment-author\">M\u0101ra Rudz\u0101te<\/span> par <a class=\"wp-block-latest-comments__comment-link\" href=\"https:\/\/www.laas.lv\/agrilink\/2022\/11\/05\/lauksaimnieciba-ir-sarezgita-nozare-ar-lielo-bet\/#comment-7\">Lauksaimniec\u012bba ir sare\u017e\u0123\u012bta nozare ar lielo BET<\/a><time datetime=\"2022-11-05T08:00:17+00:00\" class=\"wp-block-latest-comments__comment-date\">5 novembris, 2022<\/time><\/footer><div class=\"wp-block-latest-comments__comment-excerpt\"><p>Rakst\u0101 ir daudz zin\u0101mas lietas un diskut\u0113t var tikai, p\u0101rsvar\u0101, par savu nozari. K\u0101dam nol\u016bkam ir dom\u0101ta \u0161\u012b diskusija, vai&hellip;<\/p>\n<\/div><\/article><\/li><li class=\"wp-block-latest-comments__comment\"><img alt='' src='https:\/\/secure.gravatar.com\/avatar\/?s=48&#038;d=mm&#038;r=g' srcset='https:\/\/secure.gravatar.com\/avatar\/?s=96&#038;d=mm&#038;r=g 2x' class='avatar avatar-48 photo avatar-default wp-block-latest-comments__comment-avatar' height='48' width='48' \/><article><footer class=\"wp-block-latest-comments__comment-meta\"><span class=\"wp-block-latest-comments__comment-author\">J\u0101nis Zilvers<\/span> par <a class=\"wp-block-latest-comments__comment-link\" href=\"https:\/\/www.laas.lv\/agrilink\/2022\/11\/05\/lauksaimnieciba-ir-sarezgita-nozare-ar-lielo-bet\/#comment-6\">Lauksaimniec\u012bba ir sare\u017e\u0123\u012bta nozare ar lielo BET<\/a><time datetime=\"2022-11-05T07:59:30+00:00\" class=\"wp-block-latest-comments__comment-date\">5 novembris, 2022<\/time><\/footer><div class=\"wp-block-latest-comments__comment-excerpt\"><p>Sveiki, kol\u0113\u0123i! Izlas\u012b\u0161anas v\u0113rts. Da\u017ei mani izc\u0113lumi un koment\u0101ri. apjomu var k\u0101pin\u0101t praktiski tikai eksport\u0113jot (pa\u0161m\u0101ju tirgus ir mazs) -&hellip;<\/p>\n<\/div><\/article><\/li><\/ol><\/div>\n<\/div>\n","protected":false},"excerpt":{"rendered":"","protected":false},"author":2,"featured_media":0,"parent":0,"menu_order":1,"comment_status":"closed","ping_status":"closed","template":"","meta":{"footnotes":""},"class_list":["post-1270","page","type-page","status-publish","hentry"],"jetpack_sharing_enabled":true,"_links":{"self":[{"href":"https:\/\/www.laas.lv\/agrilink\/wp-json\/wp\/v2\/pages\/1270","targetHints":{"allow":["GET"]}}],"collection":[{"href":"https:\/\/www.laas.lv\/agrilink\/wp-json\/wp\/v2\/pages"}],"about":[{"href":"https:\/\/www.laas.lv\/agrilink\/wp-json\/wp\/v2\/types\/page"}],"author":[{"embeddable":true,"href":"https:\/\/www.laas.lv\/agrilink\/wp-json\/wp\/v2\/users\/2"}],"replies":[{"embeddable":true,"href":"https:\/\/www.laas.lv\/agrilink\/wp-json\/wp\/v2\/comments?post=1270"}],"version-history":[{"count":6,"href":"https:\/\/www.laas.lv\/agrilink\/wp-json\/wp\/v2\/pages\/1270\/revisions"}],"predecessor-version":[{"id":1303,"href":"https:\/\/www.laas.lv\/agrilink\/wp-json\/wp\/v2\/pages\/1270\/revisions\/1303"}],"wp:attachment":[{"href":"https:\/\/www.laas.lv\/agrilink\/wp-json\/wp\/v2\/media?parent=1270"}],"curies":[{"name":"wp","href":"https:\/\/api.w.org\/{rel}","templated":true}]}}