{"id":1700,"date":"2024-03-28T12:53:38","date_gmt":"2024-03-28T12:53:38","guid":{"rendered":"https:\/\/www.laas.lv\/agrilink\/?page_id=1700"},"modified":"2024-03-29T07:59:33","modified_gmt":"2024-03-29T07:59:33","slug":"krogzeme","status":"publish","type":"page","link":"https:\/\/www.laas.lv\/agrilink\/atlas\/krogzeme\/","title":{"rendered":"Krogzeme"},"content":{"rendered":"\n<p class=\"has-small-font-size\">!! Apl\u016bjkojot datus mobilaj\u0101 ier\u012bc\u0113 ieteicams tur\u0113t to horizont\u0101li. Dati tiek atjaunoti ik p\u0113c 15 min\u016bt\u0113m<strong> \/<\/strong><em>For data better lookup in mobile recommend landscape position<\/em>. <em>Data is updated every 15 minutes<\/em><\/p>\n\n\n<pre class=\"wp-block-preformatted wp-block-code has-large-font-size\"><iframe loading=\"lazy\" src=\"https:\/\/www.weatherlink.com\/embeddablePage\/show\/b5863b7e948f4c5daa0933d395f4e5de\/wide\" width=\"560\" height=\"480\" frameborder=\"5\"><\/iframe><strong><span style=\"color: #a4a4a4;\"><a href=\"https:\/\/www.laas.lv\/agrilink\/krogzeme-visi-dati\/\" target=\"_blank\" rel=\"noopener\">Visu sensoru dati \/ All sensor data<\/a><br \/>R\u0101d\u012bjumu v\u0113sture \/<em>historical data<\/em><br \/><\/span><\/strong><em><span style=\"color: #a4a4a4;\">(dati nav pieejami, sensori no\u0146emti 2023.g.ruden\u012b) <\/span><\/em><strong><span style=\"color: #a4a4a4;\"><br \/><\/span><\/strong><\/pre>\n\n\n<p>Atra\u0161an\u0101s vieta: Vieta \/ <i>Place:<\/i> &#8220;V\u012bnkalni\u0146i&#8221;, Vi\u013c\u0137enes pagasts, Limba\u017eu novads, LV-4050, Latvija<\/p>\n\n\n\n<p><span style=\"font-size: 1.4em;\"><b>Saimniec\u012bbas apraksts <\/b>\/ <i>Farm description<\/i><\/span>:<br>Biolo\u0123iskie Upe\u0146u st\u0101d\u012bjumi, 56 Ha l\u012bdzen\u0101 piej\u016bras apvid\u016b&nbsp;<br><i>Organic black currant, 56 Ha , flat terrain near coastal area<\/i><br>Atra\u0161an\u0101s vieta \/ <i> location <\/i><br><iframe loading=\"lazy\" style=\"border: 0;\" tabindex=\"0\" src=\"https:\/\/www.google.com\/maps\/embed?pb=!1m18!1m12!1m3!1d12711.633172561544!2d24.51545329418623!3d57.642407764478456!2m3!1f0!2f0!3f0!3m2!1i1024!2i768!4f13.1!3m3!1m2!1s0x0%3A0xd2f675899a36f9ac!2sKROGZEME!5e1!3m2!1slv!2sus!4v1589960744999!5m2!1slv!2sus\" width=\"600\" height=\"450\" frameborder=\"0\" allowfullscreen=\"allowfullscreen\" aria-hidden=\"false\"><\/iframe><\/p>\n\n\n\n\n<table id=\"tablepress-4\" class=\"tablepress tablepress-id-4\">\n<thead>\n<tr class=\"row-1\">\n\t<th class=\"column-1\">Uzst\u0101d\u012btie sensori \/<br> <i>Sensors installed<\/i><\/th><th class=\"column-2\">Galven\u0101 stacija \/ <br><i>Main station <\/i><\/th><th class=\"column-3\">Raid\u012bt\u0101js 1 \/ <br><i>Node 1<\/i><\/th><th class=\"column-4\">Raid\u012bt\u0101js 2 \/<br><i>Node 2<\/i><\/th><th class=\"column-5\">Raid\u012bt\u0101js 3 \/<br><i>Node 3<\/i><\/th>\n<\/tr>\n<\/thead>\n<tbody class=\"row-striping row-hover\">\n<tr class=\"row-2\">\n\t<td class=\"column-1\">V\u0113ja \u0101trums- virziens (Ultraska\u0146as) \/ Wind speed - direction  (Ultrasound)<br \/>\n<\/td><td class=\"column-2\">&#9989; (2.8)<\/td><td class=\"column-3\"><\/td><td class=\"column-4\"><\/td><td class=\"column-5\"><\/td>\n<\/tr>\n<tr class=\"row-3\">\n\t<td class=\"column-1\">V\u0113ja \u0101trums- virziens (Meh\u0101niskais) \/ Wind speed - direction  (Mechanic)<\/td><td class=\"column-2\"><\/td><td class=\"column-3\"><\/td><td class=\"column-4\"><\/td><td class=\"column-5\"><\/td>\n<\/tr>\n<tr class=\"row-4\">\n\t<td class=\"column-1\">Gaisa temperat\u016bra \/ Air temperature <br \/>\n<\/td><td class=\"column-2\">&#9989; (2.8)<\/td><td class=\"column-3\"><\/td><td class=\"column-4\"><\/td><td class=\"column-5\"><\/td>\n<\/tr>\n<tr class=\"row-5\">\n\t<td class=\"column-1\">Gaisa mitrums \/ Air moisture (humidity)<br \/>\n<\/td><td class=\"column-2\">&#9989; (2.8)<\/td><td class=\"column-3\"><\/td><td class=\"column-4\"><\/td><td class=\"column-5\"><\/td>\n<\/tr>\n<tr class=\"row-6\">\n\t<td class=\"column-1\">Saules radi\u0101cija \/ Solar radiation <br \/>\n<\/td><td class=\"column-2\">&#9989; (2.8)<\/td><td class=\"column-3\"><\/td><td class=\"column-4\"><\/td><td class=\"column-5\"><\/td>\n<\/tr>\n<tr class=\"row-7\">\n\t<td class=\"column-1\">Iztvaiko\u0161ana \/ Wapour sensor (ET)<br \/>\n<\/td><td class=\"column-2\">&#9989;  (2.8)<\/td><td class=\"column-3\"><\/td><td class=\"column-4\"><\/td><td class=\"column-5\"><\/td>\n<\/tr>\n<tr class=\"row-8\">\n\t<td class=\"column-1\">UVS radi\u0101cija \/ UV radiation <br \/>\n<\/td><td class=\"column-2\">&#9989; (2.8)<\/td><td class=\"column-3\"><\/td><td class=\"column-4\"><\/td><td class=\"column-5\"><\/td>\n<\/tr>\n<tr class=\"row-9\">\n\t<td class=\"column-1\">Atmosf\u0113ras spiediens \/ Atmosphere pressure (barometer)<\/td><td class=\"column-2\">&#9989; (2.8)<\/td><td class=\"column-3\"><\/td><td class=\"column-4\"><\/td><td class=\"column-5\"><\/td>\n<\/tr>\n<tr class=\"row-10\">\n\t<td class=\"column-1\"> Lapu mitrums - lapas imit\u0101tors) \/ Leaf Wetness (artificial leaf)<\/td><td class=\"column-2\"><\/td><td class=\"column-3\"><\/td><td class=\"column-4\">&#9989; (0.5)<\/td><td class=\"column-5\">&#9989; (0.5)<\/td>\n<\/tr>\n<tr class=\"row-11\">\n\t<td class=\"column-1\">Zemes mitruma sensors \/ Soil Moisture Probe<\/td><td class=\"column-2\"><\/td><td class=\"column-3\"><\/td><td class=\"column-4\">&#9989; (-0.3)<\/td><td class=\"column-5\">&#9989; (-0.3)<\/td>\n<\/tr>\n<tr class=\"row-12\">\n\t<td class=\"column-1\">Zemes temperat\u016bras sensors \/ Soil Temperature Probe <\/td><td class=\"column-2\"><\/td><td class=\"column-3\"><\/td><td class=\"column-4\">&#9989; (-0.25)<\/td><td class=\"column-5\">&#9989; (-0.25)<\/td>\n<\/tr>\n<tr class=\"row-13\">\n\t<td class=\"column-1\">Fotosint\u0113zes sensors \/ PAR sensor (Photosynthetically Active Radiation)<\/td><td class=\"column-2\"><\/td><td class=\"column-3\">&#9989; (3)<\/td><td class=\"column-4\"><\/td><td class=\"column-5\"><\/td>\n<\/tr>\n<tr class=\"row-14\">\n\t<td class=\"column-1\">CO2 sensors \/ CO2 sensor <\/td><td class=\"column-2\"><\/td><td class=\"column-3\">&#9989; (1.15)<\/td><td class=\"column-4\"><\/td><td class=\"column-5\">&#9989; (2)<\/td>\n<\/tr>\n<tr class=\"row-15\">\n\t<td class=\"column-1\">Papildus temprat\u016bras -mitruma sensors ar staru vairogu \/ Additional Temperature-Humidity Sensor with Radiation Shield<\/td><td class=\"column-2\"><\/td><td class=\"column-3\"><\/td><td class=\"column-4\">&#9989; (0.9)<\/td><td class=\"column-5\"><\/td>\n<\/tr>\n<\/tbody>\n<\/table>\n<!-- #tablepress-4 from cache -->\n\n\n\n<p>Papildus uz sensoru m\u0113r\u012bjumu pamata tiek apr\u0113\u0137in\u0101ti ar\u012b virkne da\u017e\u0101du lielumu k\u0101 rasas punkts, aukstuma &#8220;saj\u016btu&#8221; indeksi, radi\u0101cijas indeksi un virkne citu lielumu \/ <em>Based on measurements some other data, like wet bulb, dew point, THSW index etc. are calculated additionally<\/em><\/p>\n\n\n\n<figure class=\"wp-block-image size-full is-style-default\"><img loading=\"lazy\" decoding=\"async\" width=\"704\" height=\"482\" src=\"https:\/\/www.laas.lv\/agrilink\/wp-content\/uploads\/2024\/03\/krogzeme_nodes.jpg\" alt=\"\" class=\"wp-image-1638\" srcset=\"https:\/\/www.laas.lv\/agrilink\/wp-content\/uploads\/2024\/03\/krogzeme_nodes.jpg 704w, https:\/\/www.laas.lv\/agrilink\/wp-content\/uploads\/2024\/03\/krogzeme_nodes-300x205.jpg 300w\" sizes=\"auto, (max-width: 704px) 100vw, 704px\" \/><figcaption class=\"wp-element-caption\">Raid\u012bt\u0101ju izvietojums (b\u0101zes stacija un nodes)\/ <em>placement of transmitters (getaway and nodes)<\/em><\/figcaption><\/figure>\n\n\n\n<p><strong>Fotogalerija \/ Gallery<\/strong><\/p>\n\n\n\n<figure class=\"wp-block-gallery has-nested-images columns-default is-cropped wp-block-gallery-1 is-layout-flex wp-block-gallery-is-layout-flex\">\n<figure class=\"wp-block-image size-large is-style-default\"><img loading=\"lazy\" decoding=\"async\" width=\"768\" height=\"1024\" data-id=\"1701\" src=\"https:\/\/www.laas.lv\/agrilink\/wp-content\/uploads\/2024\/03\/Krogzeme1-768x1024.jpg\" alt=\"\" class=\"wp-image-1701\" srcset=\"https:\/\/www.laas.lv\/agrilink\/wp-content\/uploads\/2024\/03\/Krogzeme1-768x1024.jpg 768w, https:\/\/www.laas.lv\/agrilink\/wp-content\/uploads\/2024\/03\/Krogzeme1-225x300.jpg 225w, https:\/\/www.laas.lv\/agrilink\/wp-content\/uploads\/2024\/03\/Krogzeme1.jpg 1000w\" sizes=\"auto, (max-width: 768px) 100vw, 768px\" \/><\/figure>\n\n\n\n<figure class=\"wp-block-image size-large is-style-default\"><img loading=\"lazy\" decoding=\"async\" width=\"1024\" height=\"576\" data-id=\"1702\" src=\"https:\/\/www.laas.lv\/agrilink\/wp-content\/uploads\/2024\/03\/krogzeme2orgin-1024x576.jpg\" alt=\"\" class=\"wp-image-1702\" srcset=\"https:\/\/www.laas.lv\/agrilink\/wp-content\/uploads\/2024\/03\/krogzeme2orgin-1024x576.jpg 1024w, https:\/\/www.laas.lv\/agrilink\/wp-content\/uploads\/2024\/03\/krogzeme2orgin-300x169.jpg 300w, https:\/\/www.laas.lv\/agrilink\/wp-content\/uploads\/2024\/03\/krogzeme2orgin-768x432.jpg 768w, https:\/\/www.laas.lv\/agrilink\/wp-content\/uploads\/2024\/03\/krogzeme2orgin-1536x864.jpg 1536w, https:\/\/www.laas.lv\/agrilink\/wp-content\/uploads\/2024\/03\/krogzeme2orgin-2048x1152.jpg 2048w, https:\/\/www.laas.lv\/agrilink\/wp-content\/uploads\/2024\/03\/krogzeme2orgin-1200x675.jpg 1200w, https:\/\/www.laas.lv\/agrilink\/wp-content\/uploads\/2024\/03\/krogzeme2orgin-1980x1114.jpg 1980w\" sizes=\"auto, (max-width: 1024px) 100vw, 1024px\" \/><figcaption class=\"wp-element-caption\">DCIM\\100MEDIA\\DJI_0240.JPG<\/figcaption><\/figure>\n\n\n\n<figure class=\"wp-block-image size-large is-style-default\"><img loading=\"lazy\" decoding=\"async\" width=\"1024\" height=\"497\" data-id=\"1703\" src=\"https:\/\/www.laas.lv\/agrilink\/wp-content\/uploads\/2024\/03\/Krogzeme3-1024x497.jpg\" alt=\"\" class=\"wp-image-1703\" srcset=\"https:\/\/www.laas.lv\/agrilink\/wp-content\/uploads\/2024\/03\/Krogzeme3-1024x497.jpg 1024w, https:\/\/www.laas.lv\/agrilink\/wp-content\/uploads\/2024\/03\/Krogzeme3-300x146.jpg 300w, https:\/\/www.laas.lv\/agrilink\/wp-content\/uploads\/2024\/03\/Krogzeme3-768x373.jpg 768w, https:\/\/www.laas.lv\/agrilink\/wp-content\/uploads\/2024\/03\/Krogzeme3-1536x746.jpg 1536w, https:\/\/www.laas.lv\/agrilink\/wp-content\/uploads\/2024\/03\/Krogzeme3-1200x583.jpg 1200w, https:\/\/www.laas.lv\/agrilink\/wp-content\/uploads\/2024\/03\/Krogzeme3.jpg 1600w\" sizes=\"auto, (max-width: 1024px) 100vw, 1024px\" \/><\/figure>\n\n\n\n<figure class=\"wp-block-image size-large is-style-default\"><img loading=\"lazy\" decoding=\"async\" width=\"1024\" height=\"497\" data-id=\"1709\" src=\"https:\/\/www.laas.lv\/agrilink\/wp-content\/uploads\/2024\/03\/krogzeme4-1024x497.jpg\" alt=\"\" class=\"wp-image-1709\" srcset=\"https:\/\/www.laas.lv\/agrilink\/wp-content\/uploads\/2024\/03\/krogzeme4-1024x497.jpg 1024w, https:\/\/www.laas.lv\/agrilink\/wp-content\/uploads\/2024\/03\/krogzeme4-300x146.jpg 300w, https:\/\/www.laas.lv\/agrilink\/wp-content\/uploads\/2024\/03\/krogzeme4-768x373.jpg 768w, https:\/\/www.laas.lv\/agrilink\/wp-content\/uploads\/2024\/03\/krogzeme4-1536x746.jpg 1536w, https:\/\/www.laas.lv\/agrilink\/wp-content\/uploads\/2024\/03\/krogzeme4-1200x583.jpg 1200w, https:\/\/www.laas.lv\/agrilink\/wp-content\/uploads\/2024\/03\/krogzeme4.jpg 1600w\" sizes=\"auto, (max-width: 1024px) 100vw, 1024px\" \/><\/figure>\n\n\n\n<figure class=\"wp-block-image size-large is-style-default\"><img loading=\"lazy\" decoding=\"async\" width=\"1024\" height=\"497\" data-id=\"1704\" src=\"https:\/\/www.laas.lv\/agrilink\/wp-content\/uploads\/2024\/03\/krogzeme5-1024x497.jpg\" alt=\"\" class=\"wp-image-1704\" srcset=\"https:\/\/www.laas.lv\/agrilink\/wp-content\/uploads\/2024\/03\/krogzeme5-1024x497.jpg 1024w, https:\/\/www.laas.lv\/agrilink\/wp-content\/uploads\/2024\/03\/krogzeme5-300x146.jpg 300w, https:\/\/www.laas.lv\/agrilink\/wp-content\/uploads\/2024\/03\/krogzeme5-768x373.jpg 768w, https:\/\/www.laas.lv\/agrilink\/wp-content\/uploads\/2024\/03\/krogzeme5-1536x746.jpg 1536w, https:\/\/www.laas.lv\/agrilink\/wp-content\/uploads\/2024\/03\/krogzeme5-1200x583.jpg 1200w, https:\/\/www.laas.lv\/agrilink\/wp-content\/uploads\/2024\/03\/krogzeme5.jpg 1600w\" sizes=\"auto, (max-width: 1024px) 100vw, 1024px\" \/><\/figure>\n\n\n\n<figure class=\"wp-block-image size-large is-style-default\"><img loading=\"lazy\" decoding=\"async\" width=\"1024\" height=\"497\" data-id=\"1706\" src=\"https:\/\/www.laas.lv\/agrilink\/wp-content\/uploads\/2024\/03\/krogzeme6-1024x497.jpg\" alt=\"\" class=\"wp-image-1706\" srcset=\"https:\/\/www.laas.lv\/agrilink\/wp-content\/uploads\/2024\/03\/krogzeme6-1024x497.jpg 1024w, https:\/\/www.laas.lv\/agrilink\/wp-content\/uploads\/2024\/03\/krogzeme6-300x146.jpg 300w, https:\/\/www.laas.lv\/agrilink\/wp-content\/uploads\/2024\/03\/krogzeme6-768x373.jpg 768w, https:\/\/www.laas.lv\/agrilink\/wp-content\/uploads\/2024\/03\/krogzeme6-1536x746.jpg 1536w, https:\/\/www.laas.lv\/agrilink\/wp-content\/uploads\/2024\/03\/krogzeme6-1200x583.jpg 1200w, https:\/\/www.laas.lv\/agrilink\/wp-content\/uploads\/2024\/03\/krogzeme6.jpg 1600w\" sizes=\"auto, (max-width: 1024px) 100vw, 1024px\" \/><\/figure>\n\n\n\n<figure class=\"wp-block-image size-large is-style-default\"><img loading=\"lazy\" decoding=\"async\" width=\"1024\" height=\"497\" data-id=\"1705\" src=\"https:\/\/www.laas.lv\/agrilink\/wp-content\/uploads\/2024\/03\/krogzeme7-1024x497.jpg\" alt=\"\" class=\"wp-image-1705\" srcset=\"https:\/\/www.laas.lv\/agrilink\/wp-content\/uploads\/2024\/03\/krogzeme7-1024x497.jpg 1024w, https:\/\/www.laas.lv\/agrilink\/wp-content\/uploads\/2024\/03\/krogzeme7-300x146.jpg 300w, https:\/\/www.laas.lv\/agrilink\/wp-content\/uploads\/2024\/03\/krogzeme7-768x373.jpg 768w, https:\/\/www.laas.lv\/agrilink\/wp-content\/uploads\/2024\/03\/krogzeme7-1536x746.jpg 1536w, https:\/\/www.laas.lv\/agrilink\/wp-content\/uploads\/2024\/03\/krogzeme7-1200x583.jpg 1200w, https:\/\/www.laas.lv\/agrilink\/wp-content\/uploads\/2024\/03\/krogzeme7.jpg 1600w\" sizes=\"auto, (max-width: 1024px) 100vw, 1024px\" \/><\/figure>\n\n\n\n<figure class=\"wp-block-image size-large is-style-default\"><img loading=\"lazy\" decoding=\"async\" width=\"1024\" height=\"497\" data-id=\"1707\" src=\"https:\/\/www.laas.lv\/agrilink\/wp-content\/uploads\/2024\/03\/krogzeme8-1024x497.jpg\" alt=\"\" class=\"wp-image-1707\" srcset=\"https:\/\/www.laas.lv\/agrilink\/wp-content\/uploads\/2024\/03\/krogzeme8-1024x497.jpg 1024w, https:\/\/www.laas.lv\/agrilink\/wp-content\/uploads\/2024\/03\/krogzeme8-300x146.jpg 300w, https:\/\/www.laas.lv\/agrilink\/wp-content\/uploads\/2024\/03\/krogzeme8-768x373.jpg 768w, https:\/\/www.laas.lv\/agrilink\/wp-content\/uploads\/2024\/03\/krogzeme8-1536x746.jpg 1536w, https:\/\/www.laas.lv\/agrilink\/wp-content\/uploads\/2024\/03\/krogzeme8-1200x583.jpg 1200w, https:\/\/www.laas.lv\/agrilink\/wp-content\/uploads\/2024\/03\/krogzeme8.jpg 1600w\" sizes=\"auto, (max-width: 1024px) 100vw, 1024px\" \/><\/figure>\n\n\n\n<figure class=\"wp-block-image size-large is-style-default\"><img loading=\"lazy\" decoding=\"async\" width=\"1024\" height=\"497\" data-id=\"1708\" src=\"https:\/\/www.laas.lv\/agrilink\/wp-content\/uploads\/2024\/03\/krogzeme9-1024x497.jpg\" alt=\"\" class=\"wp-image-1708\" srcset=\"https:\/\/www.laas.lv\/agrilink\/wp-content\/uploads\/2024\/03\/krogzeme9-1024x497.jpg 1024w, https:\/\/www.laas.lv\/agrilink\/wp-content\/uploads\/2024\/03\/krogzeme9-300x146.jpg 300w, https:\/\/www.laas.lv\/agrilink\/wp-content\/uploads\/2024\/03\/krogzeme9-768x373.jpg 768w, https:\/\/www.laas.lv\/agrilink\/wp-content\/uploads\/2024\/03\/krogzeme9-1536x746.jpg 1536w, https:\/\/www.laas.lv\/agrilink\/wp-content\/uploads\/2024\/03\/krogzeme9-1200x583.jpg 1200w, https:\/\/www.laas.lv\/agrilink\/wp-content\/uploads\/2024\/03\/krogzeme9.jpg 1600w\" sizes=\"auto, (max-width: 1024px) 100vw, 1024px\" \/><\/figure>\n<\/figure>\n\n\n\n<pre class=\"wp-block-preformatted\"><\/pre>\n\n\n\n<p class=\"has-text-align-center has-large-font-size\" id=\"visidati\"><\/p>\n","protected":false},"excerpt":{"rendered":"<p>!! Apl\u016bjkojot datus mobilaj\u0101 ier\u012bc\u0113 ieteicams tur\u0113t to horizont\u0101li. Dati tiek atjaunoti ik p\u0113c 15 min\u016bt\u0113m \/For data better lookup in mobile recommend landscape position. Data is updated every 15 minutes Visu sensoru dati \/ All sensor dataR\u0101d\u012bjumu v\u0113sture \/historical data(dati nav pieejami, sensori no\u0146emti 2023.g.ruden\u012b) Atra\u0161an\u0101s vieta: Vieta \/ Place: &#8220;V\u012bnkalni\u0146i&#8221;, Vi\u013c\u0137enes pagasts, Limba\u017eu [&hellip;]<\/p>\n","protected":false},"author":2,"featured_media":0,"parent":785,"menu_order":0,"comment_status":"closed","ping_status":"closed","template":"","meta":{"footnotes":""},"class_list":["post-1700","page","type-page","status-publish","hentry"],"jetpack_sharing_enabled":true,"_links":{"self":[{"href":"https:\/\/www.laas.lv\/agrilink\/wp-json\/wp\/v2\/pages\/1700","targetHints":{"allow":["GET"]}}],"collection":[{"href":"https:\/\/www.laas.lv\/agrilink\/wp-json\/wp\/v2\/pages"}],"about":[{"href":"https:\/\/www.laas.lv\/agrilink\/wp-json\/wp\/v2\/types\/page"}],"author":[{"embeddable":true,"href":"https:\/\/www.laas.lv\/agrilink\/wp-json\/wp\/v2\/users\/2"}],"replies":[{"embeddable":true,"href":"https:\/\/www.laas.lv\/agrilink\/wp-json\/wp\/v2\/comments?post=1700"}],"version-history":[{"count":15,"href":"https:\/\/www.laas.lv\/agrilink\/wp-json\/wp\/v2\/pages\/1700\/revisions"}],"predecessor-version":[{"id":1790,"href":"https:\/\/www.laas.lv\/agrilink\/wp-json\/wp\/v2\/pages\/1700\/revisions\/1790"}],"up":[{"embeddable":true,"href":"https:\/\/www.laas.lv\/agrilink\/wp-json\/wp\/v2\/pages\/785"}],"wp:attachment":[{"href":"https:\/\/www.laas.lv\/agrilink\/wp-json\/wp\/v2\/media?parent=1700"}],"curies":[{"name":"wp","href":"https:\/\/api.w.org\/{rel}","templated":true}]}}