{"id":175,"date":"2020-12-07T13:17:41","date_gmt":"2020-12-07T13:17:41","guid":{"rendered":"https:\/\/www.laas.lv\/agrilink\/?page_id=175"},"modified":"2024-05-23T08:03:40","modified_gmt":"2024-05-23T08:03:40","slug":"noderigas-saites","status":"publish","type":"page","link":"https:\/\/www.laas.lv\/agrilink\/noderigas-saites\/","title":{"rendered":"Noder\u012bgas saites"},"content":{"rendered":"\n<p class=\"has-subtle-background-background-color has-background has-large-font-size\"><strong>P\u0101rtikas uz\u0146\u0113muma re\u0123istr\u0113\u0161ana <\/strong><em>(v\u0113los re\u0123istr\u0113t p\u0101rtikas uz\u0146\u0113mumu)<\/em><\/p>\n\n\n\n<p><a href=\"https:\/\/www.pvd.gov.lv\/partikas-un-veterinarais-dienests\/statiskas-lapas\/uznemuma-registracija?nid=2518#jump\">https:\/\/www.pvd.gov.lv\/partikas-un-veterinarais-dienests\/statiskas-lapas\/uznemuma-registracija?nid=2518#jump<\/a><br><\/p>\n\n\n\n<p class=\"has-subtle-background-background-color has-background\"><strong>Komunik\u0101cija ar valsts iest\u0101d\u0113m <\/strong><em>(v\u0113los uzdot jaut\u0101jumu atbild\u012bgaj\u0101m instit\u016bcij\u0101m)<\/em><\/p>\n\n\n\n<p><a href=\"https:\/\/www.zm.gov.lv\/statiskas-lapas\/kontaktinformacija?id=3789#jump\">https:\/\/www.zm.gov.lv\/statiskas-lapas\/kontaktinformacija?id=3789#jump<\/a><\/p>\n\n\n\n<p><a href=\"https:\/\/www.lad.gov.lv\/lv\/par-mums\">https:\/\/www.lad.gov.lv\/lv\/par-mums<\/a><\/p>\n\n\n\n<p><a rel=\"noreferrer noopener\" href=\"http:\/\/www.laukutikls.lv\/klp-atbalsta-pasakumi-no-2023-gada-atbildes-un-skaidrojumi?fbclid=IwAR0nU_1rhcw9QeokpbvrTLfV1MmyrhCjxnSbSwlGXXkXFaEDZMsLt-qHVSE\" target=\"_blank\">http:\/\/www.laukutikls.lv\/klp-atbalsta-pasakumi-no-2023-gada-atbildes-un-skaidrojumi?fbclid=IwAR0nU_1rhcw9QeokpbvrTLfV1MmyrhCjxnSbSwlGXXkXFaEDZMsLt-qHVSE<\/a><\/p>\n\n\n\n<p class=\"has-subtle-background-background-color has-background has-large-font-size\"><br>&nbsp;<strong>Akredit\u0113tas laboratorijas anal\u012b\u017eu veik\u0161anai<\/strong><\/p>\n\n\n\n<p><a href=\"https:\/\/bior.lv\/lv\">https:\/\/bior.lv\/lv<\/a><\/p>\n\n\n\n<p><a href=\"https:\/\/hamiltonlab.lv\/kontakti\/kontaktinformacija\/\">https:\/\/hamiltonlab.lv\/kontakti\/kontaktinformacija\/<\/a><\/p>\n\n\n\n<p><a href=\"http:\/\/www.auctoritas.lv\/\">http:\/\/www.auctoritas.lv\/<\/a>&nbsp;<\/p>\n\n\n\n<p class=\"has-subtle-background-background-color has-background has-large-font-size\"><strong>M\u0113rinstrumentu verific\u0113\u0161ana un kalibr\u0113\u0161ana<\/strong><\/p>\n\n\n\n<p><a href=\"http:\/\/www.lnmc.lv\/lv\/\">http:\/\/www.lnmc.lv\/lv\/<\/a><\/p>\n\n\n\n<p><a href=\"https:\/\/www.bior.lv\/lv\/pakalpojumi\/citi-laboratoriju-pakalpojumi\/kalibresanas-pakalpojumi\">https:\/\/www.bior.lv\/lv\/pakalpojumi\/citi-laboratoriju-pakalpojumi\/kalibresanas-pakalpojumi<\/a>&nbsp;<\/p>\n\n\n\n<p class=\"has-subtle-background-background-color has-background has-large-font-size\"><strong>P\u0101rstr\u0101des iek\u0101rtas, apr\u012bkojums <\/strong><em>(kur ieg\u0101d\u0101ties p\u0101rstr\u0101des iek\u0101rtas un invent\u0101ru )<\/em><\/p>\n\n\n\n<p><a href=\"http:\/\/fud-tech.eu\/portfolio-items\/auglu-ogu-darzenu-parstrades-iekartas\/\">http:\/\/fud-tech.eu\/portfolio-items\/auglu-ogu-darzenu-parstrades-iekartas\/<\/a><\/p>\n\n\n\n<p><a href=\"http:\/\/www.dzerienuserviss.lv\/index.php\">http:\/\/www.dzerienuserviss.lv\/index.php<\/a><\/p>\n\n\n\n<p><a href=\"http:\/\/www.mezuli.lv\/\">http:\/\/www.mezuli.lv\/<\/a><\/p>\n\n\n\n<p><a href=\"http:\/\/www.drinkconsult.com\/en\/Contact-us\">http:\/\/www.drinkconsult.com\/en\/Contact-us<\/a><\/p>\n\n\n\n<p><a href=\"http:\/\/www.aboluspiedes.lv\/darzenu-parstrades-iekartas\">http:\/\/www.aboluspiedes.lv\/darzenu-parstrades-iekartas<\/a><\/p>\n\n\n\n<p><a href=\"https:\/\/www.gemoss.lv\/\">https:\/\/www.gemoss.lv\/<\/a><\/p>\n\n\n\n<p><a href=\"http:\/\/www.grandus.lv\/home\/startpage\/lv\/\">http:\/\/www.grandus.lv\/home\/startpage\/lv\/<\/a><\/p>\n\n\n\n<p><a href=\"http:\/\/www.razot.lv\/\">http:\/\/www.razot.lv\/<\/a><\/p>\n\n\n\n<p><a href=\"http:\/\/www.friteks.lv\/\"><em>http:\/\/www.friteks.lv\/<\/em><\/a> &nbsp;<strong>(<em>Par sald\u0113tav\u0101m \/ dzes\u0113tav\u0101m<\/em>)<\/strong><\/p>\n\n\n\n<p class=\"has-subtle-background-background-color has-background has-large-font-size\"><strong>Tara un iepakojums<\/strong><\/p>\n\n\n\n<p><a href=\"https:\/\/www.multipack.lv\/\">https:\/\/www.multipack.lv\/<\/a><\/p>\n\n\n\n<p><a href=\"https:\/\/vvn.lv\/produkcija\/auglu-un-darzenu-kastes\">https:\/\/vvn.lv\/produkcija\/auglu-un-darzenu-kastes<\/a><\/p>\n\n\n\n<p><a href=\"http:\/\/www.polimers.lv\/\">http:\/\/www.polimers.lv\/<\/a><\/p>\n\n\n\n<p><a href=\"https:\/\/www.nnz.lv\/\">https:\/\/www.nnz.lv\/<\/a><\/p>\n\n\n\n<p><a href=\"https:\/\/www.ieliecmaisa.lv\/products\">https:\/\/www.ieliecmaisa.lv\/products<\/a><\/p>\n\n\n\n<p><a href=\"http:\/\/www.ptc.lv\/site\/\">http:\/\/www.ptc.lv\/site\/<\/a><\/p>\n\n\n\n<p><a href=\"http:\/\/www.maisinufabrika.lv\/\">http:\/\/www.maisinufabrika.lv\/<\/a><\/p>\n\n\n\n<p><a href=\"http:\/\/www.spf2.lv\/\">http:\/\/www.spf2.lv\/<\/a><\/p>\n\n\n\n<p><a href=\"https:\/\/www.tara24.lv\/\">https:\/\/www.tara24.lv\/<\/a><\/p>\n\n\n\n<p><a href=\"http:\/\/trypet.lv\/lv\">http:\/\/trypet.lv\/lv<\/a><\/p>\n\n\n\n<p><a href=\"https:\/\/ec.europa.eu\/food\/safety\/labelling_nutrition\/food-labelling-information-system_en\">https:\/\/ec.europa.eu\/food\/safety\/labelling_nutrition\/food-labelling-information-system_en (ES pras\u012bbas p\u0101rtikas mar\u0137\u0113jumam)<\/a>&nbsp;<\/p>\n\n\n\n<p class=\"has-subtle-background-background-color has-background has-large-font-size\"><strong>Izejvielas, piedevas<\/strong><\/p>\n\n\n\n<p><a href=\"https:\/\/neo.lv\/lv\/\">https:\/\/neo.lv\/lv\/<\/a><\/p>\n\n\n\n<p><a href=\"https:\/\/ec.europa.eu\/food\/safety\/novel_food\/catalogue_en\">https:\/\/ec.europa.eu\/food\/safety\/novel_food\/catalogue_en (Jaunais ES p\u0101rtikas katalogs)<\/a><\/p>\n\n\n\n<p><a href=\"http:\/\/www.gafu.lv\/lv\/produkcija\">http:\/\/www.gafu.lv\/lv\/produkcija<\/a><\/p>\n\n\n\n<p><a href=\"https:\/\/www.cashcarry.lv\/\">https:\/\/www.cashcarry.lv\/<\/a>&nbsp;<\/p>\n\n\n\n<p class=\"has-subtle-background-background-color has-background has-large-font-size\"><strong>D\u0101rzaugu <\/strong><em>(aug\u013cu, ogu, d\u0101rze\u0146u) <\/em><strong>audz\u0113\u0161ana, tehnolo\u0123ijas, konsult\u0101cijas<\/strong><\/p>\n\n\n\n<p><a href=\"https:\/\/fruittechcentre.eu\/lv\/\">https:\/\/fruittechcentre.eu\/lv\/<\/a><\/p>\n\n\n\n<p><a href=\"http:\/\/new.llkc.lv\/lv\/nozares\/augkopiba\/pakalpojumi\">http:\/\/new.llkc.lv\/lv\/nozares\/augkopiba\/pakalpojumi<\/a>&nbsp;<\/p>\n\n\n\n<p class=\"has-subtle-background-background-color has-background has-large-font-size\"><strong>Kursi, pas\u0101kumi, projekti uz\u0146\u0113m\u0113jiem<\/strong><\/p>\n\n\n\n<p><a href=\"https:\/\/www.laas.lv\/agrilink\/apmacibas-un-kursi\/\">https:\/\/www.laas.lv\/agrilink\/apmacibas-un-kursi\/<\/a><\/p>\n\n\n\n<p><a href=\"http:\/\/www.mc.llu.lv\/\">http:\/\/www.mc.llu.lv\/<\/a><\/p>\n\n\n\n<p><a href=\"http:\/\/new.llkc.lv\/lv\/nozares\/talakizglitiba\/talmaciba\">http:\/\/new.llkc.lv\/lv\/nozares\/talakizglitiba\/talmaciba<\/a><\/p>\n\n\n\n<p><a href=\"http:\/\/www.liaa.gov.lv\/lv\/fondi\/2014-2020\">http:\/\/www.liaa.gov.lv\/lv\/fondi\/2014-2020<\/a><\/p>\n\n\n\n<p><a href=\"http:\/\/www.naudabiznesam.lv\/atbalsts-jaunajiem-uznemejiem\/\">http:\/\/www.naudabiznesam.lv\/atbalsts-jaunajiem-uznemejiem\/<\/a><\/p>\n\n\n\n<p><a href=\"http:\/\/www.lad.gov.lv\/lv\/\">http:\/\/www.lad.gov.lv\/lv\/<\/a>&nbsp;<\/p>\n\n\n\n<p class=\"has-subtle-background-background-color has-background has-large-font-size\"><strong>Aug\u013ckop\u012bba un tehnolo\u0123ijas<\/strong> <em>(<span><b>Zin\u0101tniskie un praktiskie projekti, rezult\u0101ti,  progno\u017eu <\/b><\/span><strong>sist\u0113mas, meteostacijas)<\/strong><\/em><\/p>\n\n\n\n<p><a href=\"http:\/\/www.zdsoft.lv\/zdsoft\/atlas\/\" target=\"_blank\" rel=\"noreferrer noopener\">www.zdsoft.lv\/zdsoft\/atlas\/<\/a> (<em><strong>Meteo un vides datu stacijas<\/strong><\/em>)<\/p>\n\n\n\n<p><a rel=\"noreferrer noopener\" href=\"http:\/\/agrihorts.llu.lv\/lv\/node\/260\" target=\"_blank\">http:\/\/agrihorts.llu.lv\/lv\/node\/260<\/a> (<em><strong>RIMPRO progno\u017eu sist\u0113mas<\/strong><\/em>)<\/p>\n\n\n\n<p><a href=\"https:\/\/www.darzkopibasinstituts.lv\/lv\/projekti\">https:\/\/www.darzkopibasinstituts.lv\/lv\/projekti<\/a><\/p>\n\n\n\n<p><a href=\"http:\/\/www.ptf.llu.lv\/lv\/projekti-un-petijumu-virzieni\">http:\/\/www.ptf.llu.lv\/lv\/projekti-un-petijumu-virzieni<\/a><\/p>\n\n\n\n<p><a href=\"https:\/\/sciencelatvia.lv\/#\/pub\/home\">https:\/\/sciencelatvia.lv\/#\/pub\/home<\/a>&nbsp;<\/p>\n\n\n\n<p><a rel=\"noreferrer noopener\" href=\"https:\/\/digitalaroundtheworld.org\/\" target=\"_blank\">https:\/\/digitalaroundtheworld.org\/<\/a> <em>(vied\u0101s lauksaimniec\u012bbas konference)<\/em><\/p>\n\n\n\n<p class=\"has-subtle-background-background-color has-background has-large-font-size\"><strong>P\u0101rstr\u0101des iek\u0101rtas \/ apr\u012bkotas laboratorijas \/ pilotra\u017eotnes <\/strong><em>(iesp\u0113ja apskat\u012bt sazinoties)<\/em><\/p>\n\n\n\n<p><a href=\"https:\/\/www.valmierastehnikums.lv\/lv\/par-mums.html\">https:\/\/www.valmierastehnikums.lv\/lv\/par-mums.html<\/a><\/p>\n\n\n\n<p><a href=\"https:\/\/www.darzkopibasinstituts.lv\/lv\/par-darzkopibas-institutu\">https:\/\/www.darzkopibasinstituts.lv\/lv\/par-darzkopibas-institutu<\/a><\/p>\n\n\n\n<p><a href=\"http:\/\/www.ptf.llu.lv\/\">http:\/\/www.ptf.llu.lv\/<\/a><\/p>\n\n\n\n<p><a href=\"http:\/\/pk.emu.ee\/en\/structure\/polli\/\">http:\/\/pk.emu.ee\/en\/structure\/polli\/<\/a><\/p>\n\n\n\n<p><a href=\"https:\/\/www.lammc.lt\/en\/institute-of-horticulture\/research-departments\/2016\">https:\/\/www.lammc.lt\/en\/institute-of-horticulture\/research-departments\/2016<\/a>&nbsp;<\/p>\n\n\n\n<p class=\"has-subtle-background-background-color has-background has-large-font-size\"><strong>Pakalpojumi <\/strong><em>(uz\u0146\u0113m\u0113ji, kuri ir ar mieru dal\u012bties ar pieredzi)<\/em><\/p>\n\n\n\n<p><a href=\"http:\/\/www.hortusfruit.lv\/par-hortus\/\">http:\/\/www.hortusfruit.lv\/par-hortus\/<\/a><a href=\"https:\/\/www.abolumajas.lv\/\">https:\/\/www.abolumajas.lv\/<\/a><\/p>\n\n\n\n<p><a href=\"http:\/\/iceberry.lv\/sulu-spiesana\/\">http:\/\/iceberry.lv\/sulu-spiesana\/<\/a><\/p>\n\n\n\n<p><a href=\"http:\/\/www.sulufabrika.lv\/\">http:\/\/www.sulufabrika.lv\/<\/a><\/p>\n\n\n\n<p><a href=\"https:\/\/www.anevaj.com\/index.php\/lv\/pakalpojumi\">https:\/\/www.anevaj.com\/index.php\/lv\/pakalpojumi<\/a><a href=\"https:\/\/www.bbm.lv\/bbm\/pakalpojumi\/\">&nbsp;<\/a><\/p>\n\n\n\n<p><a href=\"https:\/\/www.bbm.lv\/bbm\/pakalpojumi\/\">https:\/\/www.bbm.lv\/bbm\/pakalpojumi\/<\/a>&nbsp;<\/p>\n\n\n\n<p class=\"has-subtle-background-background-color has-background has-large-font-size\"><strong>Latvijas un \u0101rzemju interneta vietnes saist\u012bb\u0101 ar darzkop\u012bbu <\/strong><\/p>\n\n\n\n<p><a href=\"https:\/\/www.freshplaza.com\/sector\/227\/general-fresh-produce\/\">https:\/\/www.freshplaza.com<\/a><\/p>\n","protected":false},"excerpt":{"rendered":"<p>P\u0101rtikas uz\u0146\u0113muma re\u0123istr\u0113\u0161ana (v\u0113los re\u0123istr\u0113t p\u0101rtikas uz\u0146\u0113mumu) https:\/\/www.pvd.gov.lv\/partikas-un-veterinarais-dienests\/statiskas-lapas\/uznemuma-registracija?nid=2518#jump Komunik\u0101cija ar valsts iest\u0101d\u0113m (v\u0113los uzdot jaut\u0101jumu atbild\u012bgaj\u0101m instit\u016bcij\u0101m) https:\/\/www.zm.gov.lv\/statiskas-lapas\/kontaktinformacija?id=3789#jump https:\/\/www.lad.gov.lv\/lv\/par-mums http:\/\/www.laukutikls.lv\/klp-atbalsta-pasakumi-no-2023-gada-atbildes-un-skaidrojumi?fbclid=IwAR0nU_1rhcw9QeokpbvrTLfV1MmyrhCjxnSbSwlGXXkXFaEDZMsLt-qHVSE &nbsp;Akredit\u0113tas laboratorijas anal\u012b\u017eu veik\u0161anai https:\/\/bior.lv\/lv https:\/\/hamiltonlab.lv\/kontakti\/kontaktinformacija\/ http:\/\/www.auctoritas.lv\/&nbsp; M\u0113rinstrumentu verific\u0113\u0161ana un kalibr\u0113\u0161ana http:\/\/www.lnmc.lv\/lv\/ https:\/\/www.bior.lv\/lv\/pakalpojumi\/citi-laboratoriju-pakalpojumi\/kalibresanas-pakalpojumi&nbsp; P\u0101rstr\u0101des iek\u0101rtas, apr\u012bkojums (kur ieg\u0101d\u0101ties p\u0101rstr\u0101des iek\u0101rtas un invent\u0101ru ) http:\/\/fud-tech.eu\/portfolio-items\/auglu-ogu-darzenu-parstrades-iekartas\/ http:\/\/www.dzerienuserviss.lv\/index.php http:\/\/www.mezuli.lv\/ http:\/\/www.drinkconsult.com\/en\/Contact-us http:\/\/www.aboluspiedes.lv\/darzenu-parstrades-iekartas https:\/\/www.gemoss.lv\/ http:\/\/www.grandus.lv\/home\/startpage\/lv\/ http:\/\/www.razot.lv\/ http:\/\/www.friteks.lv\/ &nbsp;(Par sald\u0113tav\u0101m \/ [&hellip;]<\/p>\n","protected":false},"author":2,"featured_media":0,"parent":0,"menu_order":1,"comment_status":"closed","ping_status":"closed","template":"","meta":{"footnotes":""},"class_list":["post-175","page","type-page","status-publish","hentry"],"jetpack_sharing_enabled":true,"_links":{"self":[{"href":"https:\/\/www.laas.lv\/agrilink\/wp-json\/wp\/v2\/pages\/175","targetHints":{"allow":["GET"]}}],"collection":[{"href":"https:\/\/www.laas.lv\/agrilink\/wp-json\/wp\/v2\/pages"}],"about":[{"href":"https:\/\/www.laas.lv\/agrilink\/wp-json\/wp\/v2\/types\/page"}],"author":[{"embeddable":true,"href":"https:\/\/www.laas.lv\/agrilink\/wp-json\/wp\/v2\/users\/2"}],"replies":[{"embeddable":true,"href":"https:\/\/www.laas.lv\/agrilink\/wp-json\/wp\/v2\/comments?post=175"}],"version-history":[{"count":28,"href":"https:\/\/www.laas.lv\/agrilink\/wp-json\/wp\/v2\/pages\/175\/revisions"}],"predecessor-version":[{"id":1319,"href":"https:\/\/www.laas.lv\/agrilink\/wp-json\/wp\/v2\/pages\/175\/revisions\/1319"}],"wp:attachment":[{"href":"https:\/\/www.laas.lv\/agrilink\/wp-json\/wp\/v2\/media?parent=175"}],"curies":[{"name":"wp","href":"https:\/\/api.w.org\/{rel}","templated":true}]}}