{"id":1778,"date":"2024-03-29T07:37:00","date_gmt":"2024-03-29T07:37:00","guid":{"rendered":"https:\/\/www.laas.lv\/agrilink\/?page_id=1778"},"modified":"2024-03-29T07:40:00","modified_gmt":"2024-03-29T07:40:00","slug":"puteni-visi-dati","status":"publish","type":"page","link":"https:\/\/www.laas.lv\/agrilink\/atlas\/puteni\/puteni-visi-dati\/","title":{"rendered":"Puteni visi dati"},"content":{"rendered":"\n<p class=\"has-text-align-center has-large-font-size\">Visu  vides un meteo datu r\u0101d\u012bjumi saimniec\u012bb\u0101 Pute\u0146i \/<em> IoT sensor data in farm Pute\u0146i<\/em><\/p>\n\n\n\n<p class=\"has-text-align-center\">Dati tiek atajunoti ik pa 15 min. \/<em>Data is updated every 15 minutes<\/em><\/p>\n\n\n\n<pre class=\"wp-block-preformatted wp-block-code has-large-font-size\"><iframe loading=\"lazy\" src=\"https:\/\/www.weatherlink.com\/embeddablePage\/show\/53130355ef244e4797899b06fa5a5bf2\/summary\" width=\"760\" height=\"1000\" frameborder=\"5\"> <\/iframe><\/pre>\n\n\n\n<p><\/p>\n\n\n\n<p><\/p>\n","protected":false},"excerpt":{"rendered":"<p>Visu vides un meteo datu r\u0101d\u012bjumi saimniec\u012bb\u0101 Pute\u0146i \/ IoT sensor data in farm Pute\u0146i Dati tiek atajunoti ik pa 15 min. \/Data is updated every 15 minutes<\/p>\n","protected":false},"author":2,"featured_media":0,"parent":1687,"menu_order":0,"comment_status":"closed","ping_status":"closed","template":"templates\/template-full-width.php","meta":{"footnotes":""},"class_list":["post-1778","page","type-page","status-publish","hentry"],"jetpack_sharing_enabled":true,"_links":{"self":[{"href":"https:\/\/www.laas.lv\/agrilink\/wp-json\/wp\/v2\/pages\/1778","targetHints":{"allow":["GET"]}}],"collection":[{"href":"https:\/\/www.laas.lv\/agrilink\/wp-json\/wp\/v2\/pages"}],"about":[{"href":"https:\/\/www.laas.lv\/agrilink\/wp-json\/wp\/v2\/types\/page"}],"author":[{"embeddable":true,"href":"https:\/\/www.laas.lv\/agrilink\/wp-json\/wp\/v2\/users\/2"}],"replies":[{"embeddable":true,"href":"https:\/\/www.laas.lv\/agrilink\/wp-json\/wp\/v2\/comments?post=1778"}],"version-history":[{"count":4,"href":"https:\/\/www.laas.lv\/agrilink\/wp-json\/wp\/v2\/pages\/1778\/revisions"}],"predecessor-version":[{"id":1783,"href":"https:\/\/www.laas.lv\/agrilink\/wp-json\/wp\/v2\/pages\/1778\/revisions\/1783"}],"up":[{"embeddable":true,"href":"https:\/\/www.laas.lv\/agrilink\/wp-json\/wp\/v2\/pages\/1687"}],"wp:attachment":[{"href":"https:\/\/www.laas.lv\/agrilink\/wp-json\/wp\/v2\/media?parent=1778"}],"curies":[{"name":"wp","href":"https:\/\/api.w.org\/{rel}","templated":true}]}}