{"id":1901,"date":"2024-04-15T06:42:12","date_gmt":"2024-04-15T06:42:12","guid":{"rendered":"https:\/\/www.laas.lv\/agrilink\/?page_id=1901"},"modified":"2026-04-05T05:17:48","modified_gmt":"2026-04-05T05:17:48","slug":"lauku-monitorings-no-satelita","status":"publish","type":"page","link":"https:\/\/www.laas.lv\/agrilink\/lauku-monitorings-no-satelita\/","title":{"rendered":"AgriSat &#8211; d\u0101rzu un lauku monitorings no satel\u012bta"},"content":{"rendered":"\n<p class=\"has-text-color has-link-color wp-elements-c6dc1a490858dbd72a0341aa9290068d\" style=\"color:#eb4e00;font-size:11px\"><a href=\"https:\/\/www.atlas-h2020.eu\/\" target=\"_blank\" rel=\"noreferrer noopener\"><strong>inspired by<\/strong> <img loading=\"lazy\" decoding=\"async\" width=\"60\" height=\"22\" class=\"wp-image-3910\" style=\"width: 60px;\" src=\"https:\/\/www.laas.lv\/agrilink\/wp-content\/uploads\/2024\/08\/atlas-logo.png\" alt=\"\" srcset=\"https:\/\/www.laas.lv\/agrilink\/wp-content\/uploads\/2024\/08\/atlas-logo.png 317w, https:\/\/www.laas.lv\/agrilink\/wp-content\/uploads\/2024\/08\/atlas-logo-300x112.png 300w\" sizes=\"auto, (max-width: 60px) 100vw, 60px\" \/><\/a><\/p>\n\n\n\n<div class=\"wp-block-buttons is-content-justification-right is-layout-flex wp-container-core-buttons-is-layout-765c4724 wp-block-buttons-is-layout-flex\">\n<div class=\"wp-block-button is-style-fill\" id=\"pieteikties\"><a class=\"wp-block-button__link has-background has-text-align-center has-custom-font-size wp-element-button\" href=\"https:\/\/www.laas.lv\/agrilink\/apskatit-teritoriju-no-satelita\/\" style=\"border-radius:100px;background:linear-gradient(90deg,rgb(112,157,44) 46%,rgb(18,80,26) 100%);font-size:14px\" target=\"_blank\" rel=\"noreferrer noopener\">apskat\u012bties savu lauku, d\u0101rzu vai me\u017eu <em>(bez maksas)<\/em><\/a><\/div>\n<\/div>\n\n\n\n<div class=\"wp-block-buttons is-content-justification-right is-layout-flex wp-container-core-buttons-is-layout-765c4724 wp-block-buttons-is-layout-flex\">\n<div class=\"wp-block-button is-style-fill\" id=\"pieteikties\"><a class=\"wp-block-button__link has-background has-text-align-center has-custom-font-size wp-element-button\" href=\"https:\/\/www.laas.lv\/agrilink\/argisat-produkti-un-pakalpojumi\/\" style=\"border-radius:100px;background:linear-gradient(90deg,rgb(112,157,44) 46%,rgb(18,80,26) 100%);font-size:14px\" target=\"_blank\" rel=\"noreferrer noopener\">Agrisat apm\u0101c\u012bbu materi\u0101li un pakalpojumi<\/a><\/div>\n<\/div>\n\n\n\n<div style=\"height:26px\" aria-hidden=\"true\" class=\"wp-block-spacer\"><\/div>\n\n\n\n<p class=\"has-text-align-right\" style=\"font-size:14px\"><a href=\"https:\/\/www.laas.lv\/agrilink\/input-reg-users\/\">Re\u0123istr\u0113tiem lietotajiem kas pieteiku\u0161ies l\u012bdz 2025.g.1.februarim<\/a><\/p>\n\n\n\n<h2 class=\"wp-block-heading\">Redzi savu lauku&nbsp; vai d\u0101rzu no Kosmosa !<\/h2>\n\n\n\n<p class=\"has-large-font-size\">Nov\u0113rojot savu lauku, d\u0101rzu vai me\u017eu no kosmosa var paman\u012bt nelabv\u0113l\u012bgas izmai\u0146as, kas pal\u012bdz\u0113s laic\u012bgi pie\u0146emt l\u0113mumus to nov\u0113r\u0161anai !<\/p>\n\n\n\n<h4 class=\"wp-block-heading\">K\u0101 tas darbojas ?<\/h4>\n\n\n\n<details class=\"wp-block-details is-layout-flow wp-block-details-is-layout-flow\"><summary>V\u0113rojot un sal\u012bdzinot lauksaimniec\u012bbas vai me\u017esaimniec\u012bbas teritorijas att\u0113lus da\u017e\u0101dos laika periodos var secin\u0101t par izmai\u0146\u0101m ve\u0123et\u0101cij\u0101, ap\u016bde\u0146o\u0161anas nepiecie\u0161am\u012bbu, miner\u0101lvielu tr\u016bkumu un cit\u0101m izmai\u0146\u0101m. <i><b>Apskat\u012bt piem\u0113ru&gt;&gt;<\/b><\/i><\/summary>\n<div style=\"height:26px\" aria-hidden=\"true\" class=\"wp-block-spacer\"><\/div>\n\n\n\n<p class=\"has-small-font-size\"><strong>K\u0101 piem\u0113rs ir att\u0113lots Dobeles D\u0101rzkop\u012bbas instit\u016bta eksperiment\u0101lais d\u0101rzs<\/strong>, plat\u012bba ap 30 HA <em>(apvilkts ar punkt\u0113to l\u012bniju). <\/em>Aug\u0161\u0113j\u0101 att\u0113l\u0101 redzams, k\u0101 d\u0101rzs izskat\u0101s no satel\u012bta 2024.g.30.j\u016bnij\u0101, <em>(dab\u012bgaj\u0101 gaism\u0101 iz\u0161\u0137irtsp\u0113ja 9x9m.)<\/em> <strong>!!<\/strong> <strong>Ja v\u0113laties izp\u0113t\u012bt att\u0113lu tuv\u0101k to var lejup l\u0101d\u0113t<\/strong> <em>(labais peles tausti\u0146\u0161&gt;&gt;save image&#8230; vai taml\u012bdz\u012bgi atkar\u012bb\u0101 no j\u016bs interneta p\u0101rl\u016bka valodas)<\/em> un  atv\u0113rt ar k\u0101du no att\u0113lu apskates aplik\u0101cij\u0101m<\/p>\n\n\n\n<figure class=\"wp-block-image size-large\"><img loading=\"lazy\" decoding=\"async\" width=\"1024\" height=\"658\" src=\"https:\/\/www.laas.lv\/agrilink\/wp-content\/uploads\/2024\/12\/DIdarzs-1024x658.jpg\" alt=\"\" class=\"wp-image-3978\" srcset=\"https:\/\/www.laas.lv\/agrilink\/wp-content\/uploads\/2024\/12\/DIdarzs-1024x658.jpg 1024w, https:\/\/www.laas.lv\/agrilink\/wp-content\/uploads\/2024\/12\/DIdarzs-300x193.jpg 300w, https:\/\/www.laas.lv\/agrilink\/wp-content\/uploads\/2024\/12\/DIdarzs-768x493.jpg 768w, https:\/\/www.laas.lv\/agrilink\/wp-content\/uploads\/2024\/12\/DIdarzs-1200x771.jpg 1200w, https:\/\/www.laas.lv\/agrilink\/wp-content\/uploads\/2024\/12\/DIdarzs.jpg 1392w\" sizes=\"auto, (max-width: 1024px) 100vw, 1024px\" \/><\/figure>\n\n\n\n<p class=\"has-small-font-size\">N\u0101ko\u0161ajos att\u0113los redzams \u0161is pats d\u0101rzs 2024.g. 25, 27 un 30 j\u016bnij\u0101 (s\u0101kot no aug\u0161\u0113j\u0101 att.) , caur <strong>Ve\u0123et\u0101cijas Indeksa filtru<\/strong> . Jo tum\u0161i za\u013c\u0101ka kr\u0101sa, jo  &#8220;za\u013c\u0101ks&#8221; jeb vesel\u012bg\u0101ks d\u0101rzs. Ar sarkanu apvilktas vietas, kur ve\u0123et\u0101cijas indekss ir samazin\u0101jies ( notiku\u0161as izmai\u0146as uz &#8220;slikto&#8221; pusi )  <\/p>\n\n\n\n<figure class=\"wp-block-image size-large\"><img loading=\"lazy\" decoding=\"async\" width=\"1024\" height=\"658\" src=\"https:\/\/www.laas.lv\/agrilink\/wp-content\/uploads\/2024\/07\/2024-06-25-00_00_2024-06-25-23_59_Sentinel-2_L2A_EVI-1024x658.jpg\" alt=\"\" class=\"wp-image-3789\" srcset=\"https:\/\/www.laas.lv\/agrilink\/wp-content\/uploads\/2024\/07\/2024-06-25-00_00_2024-06-25-23_59_Sentinel-2_L2A_EVI-1024x658.jpg 1024w, https:\/\/www.laas.lv\/agrilink\/wp-content\/uploads\/2024\/07\/2024-06-25-00_00_2024-06-25-23_59_Sentinel-2_L2A_EVI-300x193.jpg 300w, https:\/\/www.laas.lv\/agrilink\/wp-content\/uploads\/2024\/07\/2024-06-25-00_00_2024-06-25-23_59_Sentinel-2_L2A_EVI-768x493.jpg 768w, https:\/\/www.laas.lv\/agrilink\/wp-content\/uploads\/2024\/07\/2024-06-25-00_00_2024-06-25-23_59_Sentinel-2_L2A_EVI-1200x771.jpg 1200w, https:\/\/www.laas.lv\/agrilink\/wp-content\/uploads\/2024\/07\/2024-06-25-00_00_2024-06-25-23_59_Sentinel-2_L2A_EVI.jpg 1392w\" sizes=\"auto, (max-width: 1024px) 100vw, 1024px\" \/><\/figure>\n\n\n\n<figure class=\"wp-block-image size-large\"><img loading=\"lazy\" decoding=\"async\" width=\"1024\" height=\"658\" src=\"https:\/\/www.laas.lv\/agrilink\/wp-content\/uploads\/2024\/12\/2024-06-27-00_00_2024-06-27-23_59_Sentinel-2_L2A_EVI_TER-1-1024x658.jpg\" alt=\"\" class=\"wp-image-3996\" srcset=\"https:\/\/www.laas.lv\/agrilink\/wp-content\/uploads\/2024\/12\/2024-06-27-00_00_2024-06-27-23_59_Sentinel-2_L2A_EVI_TER-1-1024x658.jpg 1024w, https:\/\/www.laas.lv\/agrilink\/wp-content\/uploads\/2024\/12\/2024-06-27-00_00_2024-06-27-23_59_Sentinel-2_L2A_EVI_TER-1-300x193.jpg 300w, https:\/\/www.laas.lv\/agrilink\/wp-content\/uploads\/2024\/12\/2024-06-27-00_00_2024-06-27-23_59_Sentinel-2_L2A_EVI_TER-1-768x493.jpg 768w, https:\/\/www.laas.lv\/agrilink\/wp-content\/uploads\/2024\/12\/2024-06-27-00_00_2024-06-27-23_59_Sentinel-2_L2A_EVI_TER-1-1200x771.jpg 1200w, https:\/\/www.laas.lv\/agrilink\/wp-content\/uploads\/2024\/12\/2024-06-27-00_00_2024-06-27-23_59_Sentinel-2_L2A_EVI_TER-1.jpg 1392w\" sizes=\"auto, (max-width: 1024px) 100vw, 1024px\" \/><\/figure>\n\n\n\n<figure class=\"wp-block-image size-large\"><img loading=\"lazy\" decoding=\"async\" width=\"1024\" height=\"658\" src=\"https:\/\/www.laas.lv\/agrilink\/wp-content\/uploads\/2024\/12\/2024-06-30-00_00_2024-06-30-23_59_Sentinel-2_L2A_EVI_TER-1-1024x658.jpg\" alt=\"\" class=\"wp-image-3998\" srcset=\"https:\/\/www.laas.lv\/agrilink\/wp-content\/uploads\/2024\/12\/2024-06-30-00_00_2024-06-30-23_59_Sentinel-2_L2A_EVI_TER-1-1024x658.jpg 1024w, https:\/\/www.laas.lv\/agrilink\/wp-content\/uploads\/2024\/12\/2024-06-30-00_00_2024-06-30-23_59_Sentinel-2_L2A_EVI_TER-1-300x193.jpg 300w, https:\/\/www.laas.lv\/agrilink\/wp-content\/uploads\/2024\/12\/2024-06-30-00_00_2024-06-30-23_59_Sentinel-2_L2A_EVI_TER-1-768x493.jpg 768w, https:\/\/www.laas.lv\/agrilink\/wp-content\/uploads\/2024\/12\/2024-06-30-00_00_2024-06-30-23_59_Sentinel-2_L2A_EVI_TER-1-1200x771.jpg 1200w, https:\/\/www.laas.lv\/agrilink\/wp-content\/uploads\/2024\/12\/2024-06-30-00_00_2024-06-30-23_59_Sentinel-2_L2A_EVI_TER-1.jpg 1392w\" sizes=\"auto, (max-width: 1024px) 100vw, 1024px\" \/><\/figure>\n\n\n\n<p>Izmai\u0146u sal\u012bdzin\u0101jums anim\u0101cij\u0101<\/p>\n\n\n\n<figure class=\"wp-block-image size-full\"><img loading=\"lazy\" decoding=\"async\" width=\"653\" height=\"402\" src=\"https:\/\/www.laas.lv\/agrilink\/wp-content\/uploads\/2024\/12\/Sentinel-2_L2A-407327199665464-timelapse.gif\" alt=\"\" class=\"wp-image-4008\"\/><\/figure>\n\n\n\n<p class=\"has-small-font-size\">Bez vizu\u0101l\u0101 izv\u0113rt\u0113juma iesp\u0113jams ar\u012b indeksa skaitliskais nov\u0113rt\u0113jums. Piem\u0113ram sal\u012bdzinot viena sektora indeksu v\u0113rt\u012bbu (piem\u0113r\u0101 norad\u012bts ar oran\u017eo bulti\u0146u att.30.06.2024), redzamas Ve\u0123et\u0113cijas Indeksa v\u0113rt\u012bbu izmai\u0146as m\u0113ne\u0161a laik\u0101.<\/p>\n\n\n\n<figure class=\"wp-block-image size-full\"><img loading=\"lazy\" decoding=\"async\" width=\"783\" height=\"415\" src=\"https:\/\/www.laas.lv\/agrilink\/wp-content\/uploads\/2024\/12\/EVI_grafiks.jpg\" alt=\"\" class=\"wp-image-4013\" srcset=\"https:\/\/www.laas.lv\/agrilink\/wp-content\/uploads\/2024\/12\/EVI_grafiks.jpg 783w, https:\/\/www.laas.lv\/agrilink\/wp-content\/uploads\/2024\/12\/EVI_grafiks-300x159.jpg 300w, https:\/\/www.laas.lv\/agrilink\/wp-content\/uploads\/2024\/12\/EVI_grafiks-768x407.jpg 768w\" sizes=\"auto, (max-width: 783px) 100vw, 783px\" \/><\/figure>\n\n\n\n<p>Apskatot teritoriju da\u017e\u0101dos gaismas vi\u013c\u0146u garumos var g\u016bt ar\u012b citus datus. Zem\u0101k eso\u0161ajos att\u0113los var redz\u0113t d\u0101rza mitruma indeksus (<em>jo zil\u0101ks jo lab\u0101ks \u016bdens pies\u0101tin\u0101jums<\/em>) un nepiecie\u0161am\u012bbu p\u0113c \u016bdens. Paz\u012bstot savu d\u0101rzu vai lauku var laic\u012bgi paman\u012bt teritorijas kur nepiecie\u0161ama ap\u016bde\u0146o\u0161ana. <\/p>\n\n\n\n<figure class=\"wp-block-image size-large\"><img loading=\"lazy\" decoding=\"async\" width=\"1024\" height=\"658\" src=\"https:\/\/www.laas.lv\/agrilink\/wp-content\/uploads\/2024\/12\/2024-06-30-00_00_2024-06-30-23_59_Sentinel-2_L2A_Moisture_Index_TER-1024x658.jpg\" alt=\"\" class=\"wp-image-4014\" srcset=\"https:\/\/www.laas.lv\/agrilink\/wp-content\/uploads\/2024\/12\/2024-06-30-00_00_2024-06-30-23_59_Sentinel-2_L2A_Moisture_Index_TER-1024x658.jpg 1024w, https:\/\/www.laas.lv\/agrilink\/wp-content\/uploads\/2024\/12\/2024-06-30-00_00_2024-06-30-23_59_Sentinel-2_L2A_Moisture_Index_TER-300x193.jpg 300w, https:\/\/www.laas.lv\/agrilink\/wp-content\/uploads\/2024\/12\/2024-06-30-00_00_2024-06-30-23_59_Sentinel-2_L2A_Moisture_Index_TER-768x493.jpg 768w, https:\/\/www.laas.lv\/agrilink\/wp-content\/uploads\/2024\/12\/2024-06-30-00_00_2024-06-30-23_59_Sentinel-2_L2A_Moisture_Index_TER-1200x771.jpg 1200w, https:\/\/www.laas.lv\/agrilink\/wp-content\/uploads\/2024\/12\/2024-06-30-00_00_2024-06-30-23_59_Sentinel-2_L2A_Moisture_Index_TER.jpg 1392w\" sizes=\"auto, (max-width: 1024px) 100vw, 1024px\" \/><\/figure>\n\n\n\n<p>\u0160eit min\u0113ti tikai da\u017ei piem\u0113ri k\u0101 izmantot satel\u012btu inform\u0101ciju lauksaimniec\u012bbas vai me\u017esaimniec\u012bbas vajadz\u012bb\u0101m.  Ir izstr\u0101d\u0101tas daudzas metodes, k\u0101 noteikt miner\u0101lvielu tr\u016bkumu, m\u0113slo\u0161anas nepiecie\u0161am\u012bbu, identific\u0113t slim\u012bbas u.c.  pas\u0101kumi, kas pal\u012bdz laic\u012bgi paman\u012bt probl\u0113mas. \u0160os datus var izmantot pier\u0101dot nelabv\u0113l\u012bgu laika apst\u0101k\u013cu, piem\u0113ram salnu ietekmi uz d\u0101rzu.<\/p>\n\n\n\n<p>Nov\u0113ro\u0161ana no kosmosa ir noder\u012bga ne tikai lauksaimniekiem vai me\u017esaimniekiem. To pla\u0161i izmanto gan pasaules j\u016bru un oke\u0101nu, gan urb\u0101n\u0101s vides p\u0113t\u012b\u0161an\u0101. <strong><a href=\"https:\/\/www.laas.lv\/agrilink\/lauku-monitorings-no-satelita\/planetas-noverosana-no-kosmosa\/\" target=\"_blank\" rel=\"noreferrer noopener\">Vair\u0101k par m\u016bsu plan\u0113tas nov\u0113ro\u0161anu no kosmosa, k\u0101 ar\u012b principiem kas tiek izmantoti  da\u017e\u0101du teritoriju p\u0113t\u012b\u0161an\u0101 var las\u012bt \u0161eit<\/a><\/strong><\/p>\n<\/details>\n\n\n\n<h4 class=\"wp-block-heading\">Pied\u0101v\u0101jam &#8230;<\/h4>\n\n\n\n<details class=\"wp-block-details is-layout-flow wp-block-details-is-layout-flow\"><summary>LAA pied\u0101v\u0101 bez maksas TIE\u0160SAIST\u0112 APL\u016aKOT SAVU D\u0100RZU, LAUKU, ME\u017dU vai citu teritoriju no satel\u012bta,  m\u0101c\u012bbu materi\u0101lus, k\u0101 ar\u012b da\u017e\u0101d\u0101m vajadz\u012bb\u0101m piel\u0101gotas teritorijas apskates iesp\u0113jas lauksaimniekiem, me\u017esaimniekiem, gan citiem interesentiem, kam var\u0113tu b\u016bt noder\u012bga regul\u0101ra sava \u012bpa\u0161uma nov\u0113ro\u0161ana. UZZIN\u0100T VAIR\u0100K &gt;&gt;<\/summary>\n<div style=\"height:37px\" aria-hidden=\"true\" class=\"wp-block-spacer\"><\/div>\n\n\n\n<p>Ja v\u0113laties  TIE\u0160SAIST\u0112 APL\u016aKOT SAVU D\u0100RZU, LAUKU, ME\u017dU vai citu teritoriju no satel\u012bta <a href=\"https:\/\/www.laas.lv\/agrilink\/apskatit-teritoriju-no-satelita\/\">spiediet \u0161eit<\/a> vai uz za\u013co pogu <mark style=\"background-color:#167e2d\" class=\"has-inline-color\">Apskat\u012bties savu lauku, d\u0101rzu vai me\u017eu <\/mark> lapas s\u0101kum\u0101<\/p>\n\n\n\n<p><\/p>\n\n\n\n<p><strong>Ja esat prasm\u012bgs lauksaimnieks, <\/strong> kas labi p\u0101rzina savu jomu, bet v\u0113l nav pieredze ar att\u0101lin\u0101t\u0101s zond\u0113\u0161anas metod\u0113m, tad ieteicam\u0101kais b\u016bs pas\u016bt\u012bt savu lauku att\u0113lus. Att\u0113lus var pas\u016bt\u012bt gan p\u0113c vajadz\u012bbas, gan veicot pas\u016bt\u012bjumu. Piem\u0113ram j\u016bsu izv\u0113l\u0113to m\u0113ne\u0161u vai sezonas laik\u0101 uz j\u016bsu e-pastu vai whatsap tiks nos\u016bt\u012bti jaun\u0101kie satel\u012bta att\u0113li u.c. inform\u0101cija, tikl\u012bdz t\u0101 ir pieejama. <strong>Lai pieteiktu att\u0113lus spiediet &nbsp;<strong><a href=\"https:\/\/www.laas.lv\/agrilink\/lauku-monitorings-no-satelita\/pasutit-lauka-foto\/\" target=\"_blank\" rel=\"noreferrer noopener\">[PAS\u016aT\u012aT SAVA LAUKA ATT\u0112LUS]<\/a><\/strong> <\/strong><\/p>\n\n\n\n<p><strong>Tiem, kas v\u0113las vair\u0101k uzzin\u0101t par satel\u012btu izmanto\u0161anu<\/strong> lai nov\u0113rotu m\u016bsu plan\u0113tu, pieejams tie\u0161saistes apm\u0101c\u012bbu materi\u0101ls, kur aprakst\u012bts k\u0101 darbojas zemes monitorings no satel\u012bta, k\u0101 ar\u012b pam\u0101c\u012bba platformas Copernicus lieto\u0161anai. Lai ar\u012b materi\u0101ls paredz\u0113ts pirm\u0101m k\u0101rt\u0101m lauksaimniekiem un me\u017esaimniekiem, tom\u0113r tur apkopot\u0101 inform\u0101cija b\u016bs noder\u012bga ar\u012b citu nozaru p\u0101rst\u0101vjiem, studentiem vai citiem interesentiem, kas interes\u0113jas par kosmisko tehnolo\u0123iju izmanto\u0161anu Zemes nov\u0113ro\u0161an\u0101. <a href=\"https:\/\/www.laas.lv\/agrilink\/copernicus-lietotaja-rokasgramata\/\" target=\"_blank\" rel=\"noreferrer noopener\"><strong>Pas\u016bt\u012bt materi\u0101lus<\/strong><\/a><\/p>\n\n\n\n<p><\/p>\n\n\n\n<p><strong>P\u0113tniekiem,  iest\u0101d\u0113m u.c. interesentiem<\/strong> pied\u0101v\u0101jam sadarb\u012bbas iesp\u0113jas da\u017e\u0101du satel\u012btu nov\u0113ro\u0161anas risin\u0101jumu izmanto\u0161an\u0101 un Latvijas lauksaimniekiem piem\u0113rotu risin\u0101jumu izstr\u0101d\u0113. Rakstiet mums uz info@laas.lv<\/p>\n<\/details>\n\n\n\n<div style=\"height:30px\" aria-hidden=\"true\" class=\"wp-block-spacer\"><\/div>\n\n\n\n<p class=\"has-small-font-size\"><a href=\"https:\/\/www.laas.lv\/agrilink\/lauku-monitorings-no-satelita\/planetas-noverosana-no-kosmosa\/\" target=\"_blank\" rel=\"noreferrer noopener\"><strong><mark style=\"background-color:rgba(0, 0, 0, 0)\" class=\"has-inline-color has-primary-color\">Uzzin\u0101t vair\u0101k par satel\u012btu izmanto\u0161anu lauksaimniec\u012bb\u0101 un me\u017esaimniec\u012bb\u0101&#8230;<\/mark><\/strong><\/a><\/p>\n\n\n\n<p><\/p>\n\n\n\n<h2 class=\"wp-block-heading has-small-font-size\" style=\"font-style:normal;font-weight:400\"><\/h2>\n","protected":false},"excerpt":{"rendered":"<p>inspired by Re\u0123istr\u0113tiem lietotajiem kas pieteiku\u0161ies l\u012bdz 2025.g.1.februarim Redzi savu lauku&nbsp; vai d\u0101rzu no Kosmosa ! Nov\u0113rojot savu lauku, d\u0101rzu vai me\u017eu no kosmosa var paman\u012bt nelabv\u0113l\u012bgas izmai\u0146as, kas pal\u012bdz\u0113s laic\u012bgi pie\u0146emt l\u0113mumus to nov\u0113r\u0161anai ! K\u0101 tas darbojas ? Pied\u0101v\u0101jam &#8230; Uzzin\u0101t vair\u0101k par satel\u012btu izmanto\u0161anu lauksaimniec\u012bb\u0101 un me\u017esaimniec\u012bb\u0101&#8230;<\/p>\n","protected":false},"author":2,"featured_media":4733,"parent":0,"menu_order":0,"comment_status":"closed","ping_status":"closed","template":"templates\/template-full-width.php","meta":{"footnotes":""},"class_list":["post-1901","page","type-page","status-publish","has-post-thumbnail","hentry"],"jetpack_sharing_enabled":true,"_links":{"self":[{"href":"https:\/\/www.laas.lv\/agrilink\/wp-json\/wp\/v2\/pages\/1901","targetHints":{"allow":["GET"]}}],"collection":[{"href":"https:\/\/www.laas.lv\/agrilink\/wp-json\/wp\/v2\/pages"}],"about":[{"href":"https:\/\/www.laas.lv\/agrilink\/wp-json\/wp\/v2\/types\/page"}],"author":[{"embeddable":true,"href":"https:\/\/www.laas.lv\/agrilink\/wp-json\/wp\/v2\/users\/2"}],"replies":[{"embeddable":true,"href":"https:\/\/www.laas.lv\/agrilink\/wp-json\/wp\/v2\/comments?post=1901"}],"version-history":[{"count":304,"href":"https:\/\/www.laas.lv\/agrilink\/wp-json\/wp\/v2\/pages\/1901\/revisions"}],"predecessor-version":[{"id":5927,"href":"https:\/\/www.laas.lv\/agrilink\/wp-json\/wp\/v2\/pages\/1901\/revisions\/5927"}],"wp:featuredmedia":[{"embeddable":true,"href":"https:\/\/www.laas.lv\/agrilink\/wp-json\/wp\/v2\/media\/4733"}],"wp:attachment":[{"href":"https:\/\/www.laas.lv\/agrilink\/wp-json\/wp\/v2\/media?parent=1901"}],"curies":[{"name":"wp","href":"https:\/\/api.w.org\/{rel}","templated":true}]}}