{"id":4625,"date":"2025-02-10T10:52:22","date_gmt":"2025-02-10T10:52:22","guid":{"rendered":"https:\/\/www.laas.lv\/agrilink\/?page_id=4625"},"modified":"2025-02-10T11:04:06","modified_gmt":"2025-02-10T11:04:06","slug":"dati-no-satelita-atteli-vai-dati-pec-pasutitaja-izveles","status":"publish","type":"page","link":"https:\/\/www.laas.lv\/agrilink\/dati-no-satelita-atteli-vai-dati-pec-pasutitaja-izveles\/","title":{"rendered":"Dati no satel\u012bta: att\u0113li vai dati p\u0113c pas\u016bt\u012bt\u0101ja izv\u0113les"},"content":{"rendered":"\n<p class=\"has-small-font-size\">Aizpildiet nepiecie\u0161amos laukus. Ja \u0161is ir j\u016bsu pirmais pas\u016bt\u012bjums , l\u016bdzu izlas\u012bt&nbsp;<a href=\"javascript:void(0)\"><strong>K\u0101 atrast sava lauka koordin\u0101tes&nbsp;<\/strong><\/a>un&nbsp;<a href=\"javascript:void(0)\"><strong><em>Kas j\u0101\u0146em v\u0113r\u0101, lai pareizi izv\u0113l\u0113tos sev vajadz\u012bgo<\/em><\/strong><\/a><\/p>\n\n\n<style id=\"wpforms-css-vars-4628\">\n\t\t\t\t#wpforms-4628 {\n\t\t\t\t\n\t\t\t}\n\t\t\t<\/style><div class=\"wpforms-container wpforms-container-full wpforms-render-modern\" id=\"wpforms-4628\"><form id=\"wpforms-form-4628\" class=\"wpforms-validate wpforms-form wpforms-ajax-form\" data-formid=\"4628\" method=\"post\" enctype=\"multipart\/form-data\" action=\"\/agrilink\/wp-json\/wp\/v2\/pages\/4625\" data-token=\"2d2e0df9378d31ee63d3ad59f661a363\" data-token-time=\"1776377561\"><noscript class=\"wpforms-error-noscript\">Please enable JavaScript in your browser to complete this form.<\/noscript><div id=\"wpforms-error-noscript\" style=\"display: none;\">Please enable JavaScript in your browser to complete this form.<\/div><div class=\"wpforms-field-container\"><div id=\"wpforms-4628-field_1-container\" class=\"wpforms-field wpforms-field-name\" data-field-id=\"1\"><label class=\"wpforms-field-label\" for=\"wpforms-4628-field_1\">V\u0101rds vai saimniec\u012bbas nosaukums <span class=\"wpforms-required-label\" aria-hidden=\"true\">*<\/span><\/label><input type=\"text\" id=\"wpforms-4628-field_1\" class=\"wpforms-field-medium wpforms-field-required\" name=\"wpforms[fields][1]\" placeholder=\"V\u0101rds vai uz\u0146\u0113muma nosaukums j\u0101raksta t\u0101, lai var\u0113tu identific\u0113t maks\u0101t\u0101ju\" aria-errormessage=\"wpforms-4628-field_1-error\" required><\/div><div id=\"wpforms-4628-field_10-container\" class=\"wpforms-field wpforms-field-email\" data-field-id=\"10\"><label class=\"wpforms-field-label\" for=\"wpforms-4628-field_10\">e pasts <span class=\"wpforms-required-label\" aria-hidden=\"true\">*<\/span><\/label><input type=\"email\" id=\"wpforms-4628-field_10\" class=\"wpforms-field-small wpforms-field-required\" name=\"wpforms[fields][10]\" spellcheck=\"false\" aria-errormessage=\"wpforms-4628-field_10-error\" required><\/div><div id=\"wpforms-4628-field_13-container\" class=\"wpforms-field wpforms-field-text\" data-field-id=\"13\"><label class=\"wpforms-field-label\" for=\"wpforms-4628-field_13\">Telefons (v\u0113lams)<\/label><input type=\"text\" id=\"wpforms-4628-field_13\" class=\"wpforms-field-small\" name=\"wpforms[fields][13]\" aria-errormessage=\"wpforms-4628-field_13-error\" ><\/div><div id=\"wpforms-4628-field_15-container\" class=\"wpforms-field wpforms-field-text\" data-field-id=\"15\"><label class=\"wpforms-field-label\" for=\"wpforms-4628-field_15\">Lauka koodrin\u0101tes (Latvij\u0101 parasti platums s\u0101kas ar 56.xx vai 57.xx, bet garums ar 21.xx l\u012bdz 27.xx) <span class=\"wpforms-required-label\" aria-hidden=\"true\">*<\/span><\/label><input type=\"text\" id=\"wpforms-4628-field_15\" class=\"wpforms-field-medium wpforms-field-required\" name=\"wpforms[fields][15]\" placeholder=\"piem\u0113ram: 56.61096, 23.29999  \" aria-errormessage=\"wpforms-4628-field_15-error\" required><\/div><div id=\"wpforms-4628-field_8-container\" class=\"wpforms-field wpforms-field-textarea\" data-field-id=\"8\"><label class=\"wpforms-field-label\" for=\"wpforms-4628-field_8\">Citi dati vai att\u0113lu komplekti, piem\u0113ram indeksa izmai\u0146u grafisk\u0101 anal\u012bze p\u0113c vid\u0113j\u0101s v\u0113rt\u012bbas k\u0101d\u0101 sektor\u0101. Br\u012bvi aprakstiet savu vajadz\u012bbu . Dati ir pieejami kop\u0161 2016.gada. Izmaksas p\u0113c vieno\u0161an\u0101s atkar\u012bb\u0101 no apstr\u0101d\u0101jamo datu apjoma <\/label><textarea id=\"wpforms-4628-field_8\" class=\"wpforms-field-medium\" name=\"wpforms[fields][8]\" placeholder=\"Piem\u0113ram \u201cV\u0113los piejamos att\u0113lus Dab\u012bgaj\u0101 skat\u0101 un indeksu EVI par 2023 un 2022 gada j\u016bniju...&quot;\" aria-errormessage=\"wpforms-4628-field_8-error\" ><\/textarea><\/div><div id=\"wpforms-4628-field_12-container\" class=\"wpforms-field wpforms-field-textarea\" data-field-id=\"12\"><label class=\"wpforms-field-label\" for=\"wpforms-4628-field_12\">Uz\u0146\u0113muma vai personas rekviz\u012bti ja nepiecie\u0161ams r\u0113\u0137ins<\/label><textarea id=\"wpforms-4628-field_12\" class=\"wpforms-field-medium\" name=\"wpforms[fields][12]\" placeholder=\"Nosaukums\/v\u0101rds, re\u0123.nr\/per.kods, PVN Nr.(ja ir PVN maks.), Jur. adrese\" aria-errormessage=\"wpforms-4628-field_12-error\" ><\/textarea><\/div><div id=\"wpforms-4628-field_9-container\" class=\"wpforms-field wpforms-field-radio\" data-field-id=\"9\"><fieldset><legend class=\"wpforms-field-label\">Apmaksa <span class=\"wpforms-required-label\" aria-hidden=\"true\">*<\/span><\/legend><ul id=\"wpforms-4628-field_9\" class=\"wpforms-field-required\"><li class=\"choice-1 depth-1\"><input type=\"radio\" id=\"wpforms-4628-field_9_1\" name=\"wpforms[fields][9]\" value=\"Samaksu veik\u0161u ar karti vai internetbanku\" aria-errormessage=\"wpforms-4628-field_9_1-error\" required ><label class=\"wpforms-field-label-inline\" for=\"wpforms-4628-field_9_1\">Samaksu veik\u0161u ar karti vai internetbanku<\/label><\/li><li class=\"choice-2 depth-1\"><input type=\"radio\" id=\"wpforms-4628-field_9_2\" name=\"wpforms[fields][9]\" value=\"L\u016bdzu ats\u016bt\u012bt r\u0113\u0137inu\" aria-errormessage=\"wpforms-4628-field_9_2-error\" required ><label class=\"wpforms-field-label-inline\" for=\"wpforms-4628-field_9_2\">L\u016bdzu ats\u016bt\u012bt r\u0113\u0137inu<\/label><\/li><\/ul><\/fieldset><\/div><\/div><!-- .wpforms-field-container --><div class=\"wpforms-submit-container\" ><input type=\"hidden\" name=\"wpforms[id]\" value=\"4628\"><input type=\"hidden\" name=\"page_title\" value=\"\"><input type=\"hidden\" name=\"page_url\" value=\"https:\/\/www.laas.lv\/agrilink\/wp-json\/wp\/v2\/pages\/4625\"><input type=\"hidden\" name=\"url_referer\" value=\"\"><button type=\"submit\" name=\"wpforms[submit]\" id=\"wpforms-submit-4628\" class=\"wpforms-submit\" data-alt-text=\"Tiek s\u016bt\u012bts...\" data-submit-text=\"Pieteikt\" aria-live=\"assertive\" value=\"wpforms-submit\">Pieteikt<\/button><img loading=\"lazy\" decoding=\"async\" src=\"https:\/\/www.laas.lv\/agrilink\/wp-content\/plugins\/wpforms-lite\/assets\/images\/submit-spin.svg\" class=\"wpforms-submit-spinner\" style=\"display: none;\" width=\"26\" height=\"26\" alt=\"Loading\"><\/div><\/form><\/div>  <!-- .wpforms-container -->\n\n\n\n<p class=\"has-text-align-center\" style=\"font-size:16px\"><\/p>\n\n\n\n<div class=\"wp-block-buttons is-content-justification-center is-layout-flex wp-container-core-buttons-is-layout-16018d1d wp-block-buttons-is-layout-flex\">\n<div class=\"wp-block-button has-custom-font-size is-style-fill\" id=\"pieteikties\" style=\"font-size:15px\"><a class=\"wp-block-button__link has-background has-text-align-center wp-element-button\" href=\"https:\/\/payment.ecommerce.sebgroup.com\/lp\/oj48rx\" style=\"background:linear-gradient(90deg,rgb(176,217,110) 46%,rgb(51,144,63) 100%)\" target=\"_blank\" rel=\"noreferrer noopener\">Ja esat iepriek\u0161 pieteicis pas\u016bt\u012bjumu varat \u0161eit samaks\u0101t pas\u016bt\u012bjuma form\u0101 apr\u0113\u0137in\u0101to summu (<em>laa biedriem -20% <\/em>)<\/a><\/div>\n<\/div>\n\n\n\n<div class=\"wp-block-buttons is-layout-flex wp-block-buttons-is-layout-flex\">\n<div class=\"wp-block-button has-custom-width wp-block-button__width-50\"><a class=\"wp-block-button__link has-background wp-element-button\" href=\"https:\/\/www.laas.lv\/agrilink\/lauku-monitorings-no-satelita\/pasutit-lauka-foto\/\" style=\"background-color:#0d560e\">Jauns pas\u016bt\u012bjums<\/a><\/div>\n\n\n\n<div class=\"wp-block-button has-custom-width wp-block-button__width-50\"><a class=\"wp-block-button__link has-background wp-element-button\" href=\"https:\/\/www.laas.lv\/agrilink\/lauku-monitorings-no-satelita\/\" style=\"background-color:#0d560e\">Atgriezties uz s\u0101kumu<\/a><\/div>\n<\/div>\n","protected":false},"excerpt":{"rendered":"<p>Aizpildiet nepiecie\u0161amos laukus. Ja \u0161is ir j\u016bsu pirmais pas\u016bt\u012bjums , l\u016bdzu izlas\u012bt&nbsp;K\u0101 atrast sava lauka koordin\u0101tes&nbsp;un&nbsp;Kas j\u0101\u0146em v\u0113r\u0101, lai pareizi izv\u0113l\u0113tos sev vajadz\u012bgo<\/p>\n","protected":false},"author":2,"featured_media":0,"parent":0,"menu_order":0,"comment_status":"closed","ping_status":"closed","template":"","meta":{"footnotes":""},"class_list":["post-4625","page","type-page","status-publish","hentry"],"jetpack_sharing_enabled":true,"_links":{"self":[{"href":"https:\/\/www.laas.lv\/agrilink\/wp-json\/wp\/v2\/pages\/4625","targetHints":{"allow":["GET"]}}],"collection":[{"href":"https:\/\/www.laas.lv\/agrilink\/wp-json\/wp\/v2\/pages"}],"about":[{"href":"https:\/\/www.laas.lv\/agrilink\/wp-json\/wp\/v2\/types\/page"}],"author":[{"embeddable":true,"href":"https:\/\/www.laas.lv\/agrilink\/wp-json\/wp\/v2\/users\/2"}],"replies":[{"embeddable":true,"href":"https:\/\/www.laas.lv\/agrilink\/wp-json\/wp\/v2\/comments?post=4625"}],"version-history":[{"count":2,"href":"https:\/\/www.laas.lv\/agrilink\/wp-json\/wp\/v2\/pages\/4625\/revisions"}],"predecessor-version":[{"id":4633,"href":"https:\/\/www.laas.lv\/agrilink\/wp-json\/wp\/v2\/pages\/4625\/revisions\/4633"}],"wp:attachment":[{"href":"https:\/\/www.laas.lv\/agrilink\/wp-json\/wp\/v2\/media?parent=4625"}],"curies":[{"name":"wp","href":"https:\/\/api.w.org\/{rel}","templated":true}]}}