{"id":5720,"date":"2026-02-20T06:58:38","date_gmt":"2026-02-20T06:58:38","guid":{"rendered":"https:\/\/www.laas.lv\/agrilink\/?page_id=5720"},"modified":"2026-03-04T13:22:17","modified_gmt":"2026-03-04T13:22:17","slug":"greenfit-ekspertu-sanaksmes-rezultati","status":"publish","type":"page","link":"https:\/\/www.laas.lv\/agrilink\/greenfit\/greenfit-ekspertu-sanaksmes-rezultati\/","title":{"rendered":"GreenFit ekspertu  san\u0101ksmes rezult\u0101ti"},"content":{"rendered":"\n<p>Viena no projekta GreenFit aktivit\u0101t\u0113m ir izp\u0113t\u012bt lauksaimnieku un ar lauksaimniec\u012bbu saist\u012btu ekspertu vai publisku personu (NVO vad\u012bt\u0101ju, \u017eurn\u0101listu, tehnolo\u0123iju speci\u0101listu, ra\u017eot\u0101ju, zin\u0101tnieku &nbsp;utt.) viedokli vair\u0101k\u0101s valst\u012bs &nbsp;par to, k\u0101 vi\u0146upr\u0101t \u0161obr\u012bd iet ar za\u013co-viedo  tehnolo\u0123iju&nbsp; ievie\u0161anu, k\u0101di ir \u0161\u0137\u0113r\u0161\u013ci un kas var\u0113tu veicin\u0101t to  p\u0101rvar\u0113\u0161anu, lai stimul\u0113tu viedo tehnolo\u0123iju ievie\u0161anu.  <\/p>\n\n\n\n<p>\u0160eit tiek public\u0113ts Latvijas lauksaimnieku un ekspertu  viedoklis<\/p>\n\n\n\n<p class=\"has-subtle-background-background-color has-background\"><strong>Cik labi j\u016bs p\u0101rzin\u0101t za\u013c\u0101s un digit\u0101l\u0101s tehnolo\u0123ijas, kas saist\u012btas ar j\u016bsu darb\u012bbu?<\/strong><\/p>\n\n\n\n<figure class=\"wp-block-image size-full\"><img loading=\"lazy\" decoding=\"async\" width=\"876\" height=\"627\" src=\"https:\/\/www.laas.lv\/agrilink\/wp-content\/uploads\/2026\/03\/image.png\" alt=\"\" class=\"wp-image-5849\" srcset=\"https:\/\/www.laas.lv\/agrilink\/wp-content\/uploads\/2026\/03\/image.png 876w, https:\/\/www.laas.lv\/agrilink\/wp-content\/uploads\/2026\/03\/image-300x215.png 300w, https:\/\/www.laas.lv\/agrilink\/wp-content\/uploads\/2026\/03\/image-768x550.png 768w, https:\/\/www.laas.lv\/agrilink\/wp-content\/uploads\/2026\/03\/image-600x429.png 600w\" sizes=\"auto, (max-width: 876px) 100vw, 876px\" \/><\/figure>\n\n\n\n<h2 class=\"wp-block-heading\">\u0160\u0136\u0112R\u0160\u013bI<\/h2>\n\n\n\n<p class=\"has-subtle-background-background-color has-background\"><strong>K\u0101di j\u016bsupr\u0101t ir galvenie \u0161\u0137\u0113r\u0161\u013ci, kas kav\u0113 ieviest za\u013c\u0101s\/digit\u0101l\u0101s tehnolo\u0123ijas? <\/strong>(<em>Izv\u0113l\u0113ties 3 svar\u012bgakos<\/em>)<\/p>\n\n\n\n<figure class=\"wp-block-image size-full\"><img loading=\"lazy\" decoding=\"async\" width=\"929\" height=\"843\" src=\"https:\/\/www.laas.lv\/agrilink\/wp-content\/uploads\/2026\/02\/image-4.png\" alt=\"\" class=\"wp-image-5727\" srcset=\"https:\/\/www.laas.lv\/agrilink\/wp-content\/uploads\/2026\/02\/image-4.png 929w, https:\/\/www.laas.lv\/agrilink\/wp-content\/uploads\/2026\/02\/image-4-300x272.png 300w, https:\/\/www.laas.lv\/agrilink\/wp-content\/uploads\/2026\/02\/image-4-768x697.png 768w, https:\/\/www.laas.lv\/agrilink\/wp-content\/uploads\/2026\/02\/image-4-600x544.png 600w\" sizes=\"auto, (max-width: 929px) 100vw, 929px\" \/><\/figure>\n\n\n\n<p class=\"has-subtle-background-background-color has-background\"><strong>Kuri no t\u0101l\u0101k min\u0113tajiem \u0161\u0137\u0113r\u0161\u013ciem j\u016bsupr\u0101t visvair\u0101k ietekm\u0113 lauksaimniekus, pie\u0146emot l\u0113mumu par za\u013co\/digit\u0101lo tehnolo\u0123iju ievie\u0161anu? <\/strong>(<em>Izv\u0113l\u0113ties 3 svar\u012bgakos<\/em>)<\/p>\n\n\n\n<figure class=\"wp-block-image size-full\"><img loading=\"lazy\" decoding=\"async\" width=\"804\" height=\"629\" src=\"https:\/\/www.laas.lv\/agrilink\/wp-content\/uploads\/2026\/03\/image-1.png\" alt=\"\" class=\"wp-image-5850\" srcset=\"https:\/\/www.laas.lv\/agrilink\/wp-content\/uploads\/2026\/03\/image-1.png 804w, https:\/\/www.laas.lv\/agrilink\/wp-content\/uploads\/2026\/03\/image-1-300x235.png 300w, https:\/\/www.laas.lv\/agrilink\/wp-content\/uploads\/2026\/03\/image-1-768x601.png 768w, https:\/\/www.laas.lv\/agrilink\/wp-content\/uploads\/2026\/03\/image-1-600x469.png 600w\" sizes=\"auto, (max-width: 804px) 100vw, 804px\" \/><\/figure>\n\n\n\n<p class=\"has-subtle-background-background-color has-background\"><strong>Kura veida \u0161\u0137\u0113rslis jums \u0161\u0137iet svar\u012bg\u0101kais?<\/strong><\/p>\n\n\n\n<figure class=\"wp-block-image size-full\"><img loading=\"lazy\" decoding=\"async\" width=\"754\" height=\"454\" src=\"https:\/\/www.laas.lv\/agrilink\/wp-content\/uploads\/2026\/02\/image-6.png\" alt=\"\" class=\"wp-image-5733\" srcset=\"https:\/\/www.laas.lv\/agrilink\/wp-content\/uploads\/2026\/02\/image-6.png 754w, https:\/\/www.laas.lv\/agrilink\/wp-content\/uploads\/2026\/02\/image-6-300x181.png 300w, https:\/\/www.laas.lv\/agrilink\/wp-content\/uploads\/2026\/02\/image-6-600x361.png 600w\" sizes=\"auto, (max-width: 754px) 100vw, 754px\" \/><\/figure>\n\n\n\n<p class=\"has-subtle-background-background-color has-background\"><strong>K\u0101 jums \u0161\u0137iet, vai j\u016bsu person\u012bgais viedoklis par \u0161\u0137\u0113r\u0161\u013ciem tehnolo\u0123iju ievie\u0161an\u0101 un to svar\u012bgumu vien\u0101di attiecas ar\u012b uz p\u0101r\u0113jiem lauksaimniec\u012bb\u0101 iesaist\u012btajiem j\u016bsu re\u0123ion\u0101?<\/strong><\/p>\n\n\n\n<figure class=\"wp-block-image size-full\"><img loading=\"lazy\" decoding=\"async\" width=\"754\" height=\"454\" src=\"https:\/\/www.laas.lv\/agrilink\/wp-content\/uploads\/2026\/02\/image-7.png\" alt=\"\" class=\"wp-image-5736\" srcset=\"https:\/\/www.laas.lv\/agrilink\/wp-content\/uploads\/2026\/02\/image-7.png 754w, https:\/\/www.laas.lv\/agrilink\/wp-content\/uploads\/2026\/02\/image-7-300x181.png 300w, https:\/\/www.laas.lv\/agrilink\/wp-content\/uploads\/2026\/02\/image-7-600x361.png 600w\" sizes=\"auto, (max-width: 754px) 100vw, 754px\" \/><\/figure>\n\n\n\n<p class=\"has-subtle-background-background-color has-background\"><strong>L\u016bdzu, sarindojiet t\u0101l\u0101k nor\u0101d\u012btos \u0161\u0137\u0113r\u0161\u013cus cik b\u016btiski tas j\u016bsupr\u0101t kav\u0113tu tehnolo\u0123iju ievie\u0161anu <\/strong>(Nr.1-visb\u016btisk\u0101kais \u0161\u0137\u0113rslis, Nr.5- visneb\u016btisk\u0101kais)<\/p>\n\n\n\n<p>Eksperti uzskata ka:<\/p>\n\n\n\n<ol class=\"wp-block-list\">\n<li>Invest\u012bciju izmaksas <\/li>\n\n\n\n<li>Prasmju un zin\u0101\u0161anu pras\u012bbas<\/li>\n\n\n\n<li>Tehnolo\u0123iju sare\u017e\u0123\u012bt\u012bba<\/li>\n\n\n\n<li>Uzticam\u012bba un ticam\u012bba<\/li>\n\n\n\n<li>Normat\u012bvie jaut\u0101jumi<\/li>\n<\/ol>\n\n\n\n<p class=\"has-subtle-background-background-color has-background\"><strong>Cik sp\u0113c\u012bgi \u0161\u0101di \u0161\u0137\u0113r\u0161\u013ci ierobe\u017eo j\u016bsupr\u0101t ierobe\u017eo lauksaimnieku l\u0113mumus par tehnolo\u0123iju ievie\u0161anu?<\/strong><\/p>\n\n\n\n<figure class=\"wp-block-image size-full\"><img loading=\"lazy\" decoding=\"async\" width=\"1001\" height=\"597\" src=\"https:\/\/www.laas.lv\/agrilink\/wp-content\/uploads\/2026\/02\/image-8.png\" alt=\"\" class=\"wp-image-5739\" srcset=\"https:\/\/www.laas.lv\/agrilink\/wp-content\/uploads\/2026\/02\/image-8.png 1001w, https:\/\/www.laas.lv\/agrilink\/wp-content\/uploads\/2026\/02\/image-8-300x179.png 300w, https:\/\/www.laas.lv\/agrilink\/wp-content\/uploads\/2026\/02\/image-8-768x458.png 768w, https:\/\/www.laas.lv\/agrilink\/wp-content\/uploads\/2026\/02\/image-8-600x358.png 600w\" sizes=\"auto, (max-width: 1001px) 100vw, 1001px\" \/><\/figure>\n\n\n\n<p class=\"has-subtle-background-background-color has-background\"><strong>Lai tehnolo\u0123iju ievie\u0161ana k\u013c\u016btu daudz vienk\u0101r\u0161\u0101ka, kuru \u0161\u0137\u0113r\u0161li j\u016bsupr\u0101t vajadz\u0113tu nov\u0113rst?<\/strong><\/p>\n\n\n\n<figure class=\"wp-block-image size-full\"><img loading=\"lazy\" decoding=\"async\" width=\"754\" height=\"454\" src=\"https:\/\/www.laas.lv\/agrilink\/wp-content\/uploads\/2026\/02\/image-9.png\" alt=\"\" class=\"wp-image-5743\" srcset=\"https:\/\/www.laas.lv\/agrilink\/wp-content\/uploads\/2026\/02\/image-9.png 754w, https:\/\/www.laas.lv\/agrilink\/wp-content\/uploads\/2026\/02\/image-9-300x181.png 300w, https:\/\/www.laas.lv\/agrilink\/wp-content\/uploads\/2026\/02\/image-9-600x361.png 600w\" sizes=\"auto, (max-width: 754px) 100vw, 754px\" \/><\/figure>\n\n\n\n<p class=\"has-subtle-background-background-color has-background\"><strong>Vai iepriek\u0161min\u0113to \u0161\u0137\u0113r\u0161\u013cu p\u0101rvar\u0113\u0161ana lauksaimniekiem \u0161obr\u012bd b\u016btu steidzama?<\/strong><\/p>\n\n\n\n<figure class=\"wp-block-image size-full\"><img loading=\"lazy\" decoding=\"async\" width=\"754\" height=\"454\" src=\"https:\/\/www.laas.lv\/agrilink\/wp-content\/uploads\/2026\/02\/image-10.png\" alt=\"\" class=\"wp-image-5745\" srcset=\"https:\/\/www.laas.lv\/agrilink\/wp-content\/uploads\/2026\/02\/image-10.png 754w, https:\/\/www.laas.lv\/agrilink\/wp-content\/uploads\/2026\/02\/image-10-300x181.png 300w, https:\/\/www.laas.lv\/agrilink\/wp-content\/uploads\/2026\/02\/image-10-600x361.png 600w\" sizes=\"auto, (max-width: 754px) 100vw, 754px\" \/><\/figure>\n\n\n\n<h2 class=\"wp-block-heading\">STIMULI<\/h2>\n\n\n\n<p class=\"has-subtle-background-background-color has-background\"><strong>Kas j\u016bsupr\u0101t visvair\u0101k mudin\u0101tu lauksaimniec\u012bb\u0101 iesaist\u012btos ieviest za\u013co\/digit\u0101lo tehnolo\u0123iju? <\/strong>(<em>Izv\u0113l\u0113ties 3 svar\u012bgakos<\/em>)<\/p>\n\n\n\n<figure class=\"wp-block-image size-large\"><img loading=\"lazy\" decoding=\"async\" width=\"1024\" height=\"744\" src=\"https:\/\/www.laas.lv\/agrilink\/wp-content\/uploads\/2026\/03\/image-2-1024x744.png\" alt=\"\" class=\"wp-image-5853\" srcset=\"https:\/\/www.laas.lv\/agrilink\/wp-content\/uploads\/2026\/03\/image-2-1024x744.png 1024w, https:\/\/www.laas.lv\/agrilink\/wp-content\/uploads\/2026\/03\/image-2-300x218.png 300w, https:\/\/www.laas.lv\/agrilink\/wp-content\/uploads\/2026\/03\/image-2-768x558.png 768w, https:\/\/www.laas.lv\/agrilink\/wp-content\/uploads\/2026\/03\/image-2-600x436.png 600w, https:\/\/www.laas.lv\/agrilink\/wp-content\/uploads\/2026\/03\/image-2.png 1080w\" sizes=\"auto, (max-width: 1024px) 100vw, 1024px\" \/><\/figure>\n\n\n\n<p class=\"has-subtle-background-background-color has-background\"><strong>Kuriem stimuliem b\u016btu visliel\u0101k\u0101 ietekme uz J\u016aSU PERSON\u012aGO l\u0113mumu par digit\u0101lo tehnolo\u0123iju ievie\u0161anu j\u016bsu saimniec\u012bb\u0101 vai uz\u0146\u0113mum\u0101?<\/strong>(<em>Izv\u0113l\u0113ties 3 svar\u012bgakos<\/em>)<\/p>\n\n\n\n<figure class=\"wp-block-image size-full\"><img loading=\"lazy\" decoding=\"async\" width=\"979\" height=\"632\" src=\"https:\/\/www.laas.lv\/agrilink\/wp-content\/uploads\/2026\/03\/image-3.png\" alt=\"\" class=\"wp-image-5855\" srcset=\"https:\/\/www.laas.lv\/agrilink\/wp-content\/uploads\/2026\/03\/image-3.png 979w, https:\/\/www.laas.lv\/agrilink\/wp-content\/uploads\/2026\/03\/image-3-300x194.png 300w, https:\/\/www.laas.lv\/agrilink\/wp-content\/uploads\/2026\/03\/image-3-768x496.png 768w, https:\/\/www.laas.lv\/agrilink\/wp-content\/uploads\/2026\/03\/image-3-600x387.png 600w\" sizes=\"auto, (max-width: 979px) 100vw, 979px\" \/><\/figure>\n\n\n\n<p class=\"has-subtle-background-background-color has-background\"><strong>Kam b\u016btu j\u0101nodro\u0161ina iepriek\u0161 min\u0113tie (finansi\u0101lie\/ne-fi nansi\u0101lie) stimuli, lai tie b\u016btu visefekt\u012bv\u0101kie?<\/strong>(<em>Izv\u0113l\u0113ties 3 svar\u012bgakos<\/em>)<\/p>\n\n\n\n<figure class=\"wp-block-image size-full\"><img loading=\"lazy\" decoding=\"async\" width=\"942\" height=\"715\" src=\"https:\/\/www.laas.lv\/agrilink\/wp-content\/uploads\/2026\/03\/image-4.png\" alt=\"\" class=\"wp-image-5857\" srcset=\"https:\/\/www.laas.lv\/agrilink\/wp-content\/uploads\/2026\/03\/image-4.png 942w, https:\/\/www.laas.lv\/agrilink\/wp-content\/uploads\/2026\/03\/image-4-300x228.png 300w, https:\/\/www.laas.lv\/agrilink\/wp-content\/uploads\/2026\/03\/image-4-768x583.png 768w, https:\/\/www.laas.lv\/agrilink\/wp-content\/uploads\/2026\/03\/image-4-600x455.png 600w\" sizes=\"auto, (max-width: 942px) 100vw, 942px\" \/><\/figure>\n\n\n\n<p class=\"has-subtle-background-background-color has-background\"><strong>Vai nefi nansi\u0101li stimuli motiv\u0113tu j\u016bs person\u012bgi, ieviest tehnolo\u0123iju?<\/strong><\/p>\n\n\n\n<figure class=\"wp-block-image size-full\"><img loading=\"lazy\" decoding=\"async\" width=\"881\" height=\"674\" src=\"https:\/\/www.laas.lv\/agrilink\/wp-content\/uploads\/2026\/03\/image-5.png\" alt=\"\" class=\"wp-image-5860\" srcset=\"https:\/\/www.laas.lv\/agrilink\/wp-content\/uploads\/2026\/03\/image-5.png 881w, https:\/\/www.laas.lv\/agrilink\/wp-content\/uploads\/2026\/03\/image-5-300x230.png 300w, https:\/\/www.laas.lv\/agrilink\/wp-content\/uploads\/2026\/03\/image-5-768x588.png 768w, https:\/\/www.laas.lv\/agrilink\/wp-content\/uploads\/2026\/03\/image-5-600x459.png 600w\" sizes=\"auto, (max-width: 881px) 100vw, 881px\" \/><\/figure>\n\n\n\n<h2 class=\"wp-block-heading\">RISKI<\/h2>\n\n\n\n<p class=\"has-subtle-background-background-color has-background\"><strong>K\u0101di riski visvair\u0101k b\u016btu j\u0101\u0146em v\u0113r\u0101 dom\u0101jot par jaunu tehnolo\u0123iju ievie\u0161anu lauksaimniec\u012bb\u0101 ?<\/strong> (<em>Izv\u0113l\u0113ties 3 svar\u012bgakos<\/em>)<\/p>\n\n\n\n<figure class=\"wp-block-image size-large\"><img loading=\"lazy\" decoding=\"async\" width=\"1024\" height=\"701\" src=\"https:\/\/www.laas.lv\/agrilink\/wp-content\/uploads\/2026\/03\/image-6-1024x701.png\" alt=\"\" class=\"wp-image-5862\" srcset=\"https:\/\/www.laas.lv\/agrilink\/wp-content\/uploads\/2026\/03\/image-6-1024x701.png 1024w, https:\/\/www.laas.lv\/agrilink\/wp-content\/uploads\/2026\/03\/image-6-300x205.png 300w, https:\/\/www.laas.lv\/agrilink\/wp-content\/uploads\/2026\/03\/image-6-768x526.png 768w, https:\/\/www.laas.lv\/agrilink\/wp-content\/uploads\/2026\/03\/image-6-600x411.png 600w, https:\/\/www.laas.lv\/agrilink\/wp-content\/uploads\/2026\/03\/image-6.png 1073w\" sizes=\"auto, (max-width: 1024px) 100vw, 1024px\" \/><\/figure>\n\n\n\n<p class=\"has-subtle-background-background-color has-background\"><strong>Kas j\u016bs visvair\u0101k uztrauktu apsverot jaunu tehnolo\u0123iju ievie\u0161anu?<\/strong> (<em>Izv\u0113l\u0113ties 3 svar\u012bgakos<\/em>)<\/p>\n\n\n\n<figure class=\"wp-block-image size-full\"><img loading=\"lazy\" decoding=\"async\" width=\"754\" height=\"454\" src=\"https:\/\/www.laas.lv\/agrilink\/wp-content\/uploads\/2026\/02\/image-16.png\" alt=\"\" class=\"wp-image-5764\" srcset=\"https:\/\/www.laas.lv\/agrilink\/wp-content\/uploads\/2026\/02\/image-16.png 754w, https:\/\/www.laas.lv\/agrilink\/wp-content\/uploads\/2026\/02\/image-16-300x181.png 300w, https:\/\/www.laas.lv\/agrilink\/wp-content\/uploads\/2026\/02\/image-16-600x361.png 600w\" sizes=\"auto, (max-width: 754px) 100vw, 754px\" \/><\/figure>\n\n\n\n<p class=\"has-subtle-background-background-color has-background\"><strong>K\u0101di \u0161\u0137\u0113r\u0161\u013ci j\u016bsupr\u0101t var\u0113tu likt p\u0101rtraukt tehnolo\u0123ijas lieto\u0161anu p\u0113c t\u0101s ievie\u0161anas? <\/strong>(<em>Izv\u0113l\u0113ties 3 svar\u012bgakos<\/em>)<\/p>\n\n\n\n<figure class=\"wp-block-image size-full\"><img loading=\"lazy\" decoding=\"async\" width=\"754\" height=\"454\" src=\"https:\/\/www.laas.lv\/agrilink\/wp-content\/uploads\/2026\/02\/image-17.png\" alt=\"\" class=\"wp-image-5767\" srcset=\"https:\/\/www.laas.lv\/agrilink\/wp-content\/uploads\/2026\/02\/image-17.png 754w, https:\/\/www.laas.lv\/agrilink\/wp-content\/uploads\/2026\/02\/image-17-300x181.png 300w, https:\/\/www.laas.lv\/agrilink\/wp-content\/uploads\/2026\/02\/image-17-600x361.png 600w\" sizes=\"auto, (max-width: 754px) 100vw, 754px\" \/><\/figure>\n\n\n\n<p class=\"has-subtle-background-background-color has-background\"><strong>Cik liel\u0101 m\u0113r\u0101 iepriek\u0161min\u0113tie \u0161\u0137\u0113r\u0161\u013ci (fi nansi\u0101lie un nefi nansi\u0101lie) var\u0113tu ietekm\u0113t j\u016bsu v\u0113lmi izm\u0113\u0123in\u0101t jaunas tehnolo\u0123ijas?<\/strong><\/p>\n\n\n\n<figure class=\"wp-block-image size-full\"><img loading=\"lazy\" decoding=\"async\" width=\"754\" height=\"454\" src=\"https:\/\/www.laas.lv\/agrilink\/wp-content\/uploads\/2026\/02\/image-18.png\" alt=\"\" class=\"wp-image-5770\" srcset=\"https:\/\/www.laas.lv\/agrilink\/wp-content\/uploads\/2026\/02\/image-18.png 754w, https:\/\/www.laas.lv\/agrilink\/wp-content\/uploads\/2026\/02\/image-18-300x181.png 300w, https:\/\/www.laas.lv\/agrilink\/wp-content\/uploads\/2026\/02\/image-18-600x361.png 600w\" sizes=\"auto, (max-width: 754px) 100vw, 754px\" \/><\/figure>\n\n\n\n<h2 class=\"wp-block-heading\">L\u0112MUMU PIE\u0145EM\u0160ANA<\/h2>\n\n\n\n<p class=\"has-subtle-background-background-color has-background\"><strong>Kas j\u016bsupr\u0101t visvair\u0101k ietekm\u0113tu l\u0113mumu par jaunu tehnolo\u0123iju ievie\u0161anu?<\/strong> (<em>Izv\u0113l\u0113ties 3 svar\u012bgakos<\/em>)<\/p>\n\n\n\n<figure class=\"wp-block-image size-full\"><img loading=\"lazy\" decoding=\"async\" width=\"959\" height=\"630\" src=\"https:\/\/www.laas.lv\/agrilink\/wp-content\/uploads\/2026\/03\/image-7.png\" alt=\"\" class=\"wp-image-5864\" srcset=\"https:\/\/www.laas.lv\/agrilink\/wp-content\/uploads\/2026\/03\/image-7.png 959w, https:\/\/www.laas.lv\/agrilink\/wp-content\/uploads\/2026\/03\/image-7-300x197.png 300w, https:\/\/www.laas.lv\/agrilink\/wp-content\/uploads\/2026\/03\/image-7-768x505.png 768w, https:\/\/www.laas.lv\/agrilink\/wp-content\/uploads\/2026\/03\/image-7-600x394.png 600w\" sizes=\"auto, (max-width: 959px) 100vw, 959px\" \/><\/figure>\n\n\n\n<p class=\"has-subtle-background-background-color has-background\"><strong>K\u0101dos apst\u0101k\u013cos j\u016bs, visticam\u0101k, pie\u0146emtu l\u0113mumu par jaunu tehnolo\u0123iju ievie\u0161anu?<\/strong> (<em>Izv\u0113l\u0113ties 3 svar\u012bgakos<\/em>)<\/p>\n\n\n\n<figure class=\"wp-block-image size-full\"><img loading=\"lazy\" decoding=\"async\" width=\"985\" height=\"640\" src=\"https:\/\/www.laas.lv\/agrilink\/wp-content\/uploads\/2026\/02\/image-33.png\" alt=\"\" class=\"wp-image-5806\" srcset=\"https:\/\/www.laas.lv\/agrilink\/wp-content\/uploads\/2026\/02\/image-33.png 985w, https:\/\/www.laas.lv\/agrilink\/wp-content\/uploads\/2026\/02\/image-33-300x195.png 300w, https:\/\/www.laas.lv\/agrilink\/wp-content\/uploads\/2026\/02\/image-33-768x499.png 768w, https:\/\/www.laas.lv\/agrilink\/wp-content\/uploads\/2026\/02\/image-33-600x390.png 600w\" sizes=\"auto, (max-width: 985px) 100vw, 985px\" \/><\/figure>\n\n\n\n<p class=\"has-subtle-background-background-color has-background\"><strong>J\u016bsu veidoklis &#8211; cik \u0101tri lauksaimniekiem \u0161obr\u012bd vajadz\u0113tu ieviest digit\u0101l\u0101s tehnolo\u0123ijas sav\u0101s saimniec\u012bb\u0101s vai uz\u0146\u0113mumos?<\/strong><\/p>\n\n\n\n<figure class=\"wp-block-image size-full\"><img loading=\"lazy\" decoding=\"async\" width=\"900\" height=\"615\" src=\"https:\/\/www.laas.lv\/agrilink\/wp-content\/uploads\/2026\/03\/image-8.png\" alt=\"\" class=\"wp-image-5865\" srcset=\"https:\/\/www.laas.lv\/agrilink\/wp-content\/uploads\/2026\/03\/image-8.png 900w, https:\/\/www.laas.lv\/agrilink\/wp-content\/uploads\/2026\/03\/image-8-300x205.png 300w, https:\/\/www.laas.lv\/agrilink\/wp-content\/uploads\/2026\/03\/image-8-768x525.png 768w, https:\/\/www.laas.lv\/agrilink\/wp-content\/uploads\/2026\/03\/image-8-600x410.png 600w\" sizes=\"auto, (max-width: 900px) 100vw, 900px\" \/><\/figure>\n\n\n\n<h2 class=\"wp-block-heading\">KOPSAVILKUMS<\/h2>\n\n\n\n<p class=\"has-subtle-background-background-color has-background\"><strong>KOPUM\u0100 &#8211; cik pozit\u012bvi vai negat\u012bvi j\u016bs v\u0113rt\u0113jat za\u013co un digit\u0101lo tehnolo\u0123iju ievie\u0161anu lauksaimniec\u012bb\u0101?<\/strong><\/p>\n\n\n\n<figure class=\"wp-block-image size-full\"><img loading=\"lazy\" decoding=\"async\" width=\"754\" height=\"454\" src=\"https:\/\/www.laas.lv\/agrilink\/wp-content\/uploads\/2026\/02\/image-35.png\" alt=\"\" class=\"wp-image-5812\" srcset=\"https:\/\/www.laas.lv\/agrilink\/wp-content\/uploads\/2026\/02\/image-35.png 754w, https:\/\/www.laas.lv\/agrilink\/wp-content\/uploads\/2026\/02\/image-35-300x181.png 300w, https:\/\/www.laas.lv\/agrilink\/wp-content\/uploads\/2026\/02\/image-35-600x361.png 600w\" sizes=\"auto, (max-width: 754px) 100vw, 754px\" \/><\/figure>\n","protected":false},"excerpt":{"rendered":"<p>Viena no projekta GreenFit aktivit\u0101t\u0113m ir izp\u0113t\u012bt lauksaimnieku un ar lauksaimniec\u012bbu saist\u012btu ekspertu vai publisku personu (NVO vad\u012bt\u0101ju, \u017eurn\u0101listu, tehnolo\u0123iju speci\u0101listu, ra\u017eot\u0101ju, zin\u0101tnieku &nbsp;utt.) viedokli vair\u0101k\u0101s valst\u012bs &nbsp;par to, k\u0101 vi\u0146upr\u0101t \u0161obr\u012bd iet ar za\u013co-viedo tehnolo\u0123iju&nbsp; ievie\u0161anu, k\u0101di ir \u0161\u0137\u0113r\u0161\u013ci un kas var\u0113tu veicin\u0101t to p\u0101rvar\u0113\u0161anu, lai stimul\u0113tu viedo tehnolo\u0123iju ievie\u0161anu. \u0160eit tiek public\u0113ts Latvijas [&hellip;]<\/p>\n","protected":false},"author":2,"featured_media":0,"parent":5583,"menu_order":1,"comment_status":"closed","ping_status":"closed","template":"","meta":{"footnotes":""},"class_list":["post-5720","page","type-page","status-publish","hentry"],"jetpack_sharing_enabled":true,"_links":{"self":[{"href":"https:\/\/www.laas.lv\/agrilink\/wp-json\/wp\/v2\/pages\/5720","targetHints":{"allow":["GET"]}}],"collection":[{"href":"https:\/\/www.laas.lv\/agrilink\/wp-json\/wp\/v2\/pages"}],"about":[{"href":"https:\/\/www.laas.lv\/agrilink\/wp-json\/wp\/v2\/types\/page"}],"author":[{"embeddable":true,"href":"https:\/\/www.laas.lv\/agrilink\/wp-json\/wp\/v2\/users\/2"}],"replies":[{"embeddable":true,"href":"https:\/\/www.laas.lv\/agrilink\/wp-json\/wp\/v2\/comments?post=5720"}],"version-history":[{"count":29,"href":"https:\/\/www.laas.lv\/agrilink\/wp-json\/wp\/v2\/pages\/5720\/revisions"}],"predecessor-version":[{"id":5866,"href":"https:\/\/www.laas.lv\/agrilink\/wp-json\/wp\/v2\/pages\/5720\/revisions\/5866"}],"up":[{"embeddable":true,"href":"https:\/\/www.laas.lv\/agrilink\/wp-json\/wp\/v2\/pages\/5583"}],"wp:attachment":[{"href":"https:\/\/www.laas.lv\/agrilink\/wp-json\/wp\/v2\/media?parent=5720"}],"curies":[{"name":"wp","href":"https:\/\/api.w.org\/{rel}","templated":true}]}}